{"id":3416,"date":"2023-01-10T21:29:45","date_gmt":"2023-01-10T19:29:45","guid":{"rendered":"https:\/\/reform.ee\/riigikogu-valimised-2023\/?page_id=3416"},"modified":"2023-01-25T13:43:30","modified_gmt":"2023-01-25T11:43:30","slug":"reformierakonnaga-pusib-haridus-kindlates-kates","status":"publish","type":"page","link":"https:\/\/reform.ee\/riigikogu-valimised-2023\/pohilubadused\/reformierakonnaga-pusib-haridus-kindlates-kates\/","title":{"rendered":"Reformierakonnaga p\u00fcsib haridus kindlates k\u00e4tes!"},"content":{"rendered":"\n<figure class=\"wp-block-image size-full\"><img loading=\"lazy\" decoding=\"async\" width=\"1024\" height=\"462\" src=\"https:\/\/reform.ee\/riigikogu-valimised-2023\/wp-content\/uploads\/2023\/01\/reformierakond-haridus.png\" alt=\"Reformierakond Kindlates k\u00e4tes haridus\" class=\"wp-image-3469\" srcset=\"https:\/\/reform.ee\/riigikogu-valimised-2023\/wp-content\/uploads\/2023\/01\/reformierakond-haridus.png 1024w, https:\/\/reform.ee\/riigikogu-valimised-2023\/wp-content\/uploads\/2023\/01\/reformierakond-haridus-300x135.png 300w, https:\/\/reform.ee\/riigikogu-valimised-2023\/wp-content\/uploads\/2023\/01\/reformierakond-haridus-768x347.png 768w, https:\/\/reform.ee\/riigikogu-valimised-2023\/wp-content\/uploads\/2023\/01\/reformierakond-haridus-512x231.png 512w\" sizes=\"auto, (max-width: 1024px) 100vw, 1024px\" \/><\/figure>\n\n\n\n<p><\/p>\n\n\n\n<p>Haridus on kindlates k\u00e4tes, kui meil on \u00fchtne ning kvaliteetne eestikeelne hariduss\u00fcsteem, kus v\u00e4\u00e4rtustatakse \u00f5petajaid ja l\u00e4henetakse \u00f5pilastele v\u00f5imalikult individuaalselt. Hariduss\u00fcsteem peab looma \u00fchtses inforuumis m\u00f5tleva \u00fchiskonna. Reformierakond on s\u00fcsteemselt tegutsenud eestikeelsele \u00f5ppele \u00fclemineku nimel ning n\u00fc\u00fcd on see viimaks saamas reaalsuseks. Kui oleme j\u00e4rgmises valitsuses, algab \u00fcleminek 2024. aastal alushariduses ning aastaks 2030 saavad k\u00f5ik Eestimaa koolid t\u00e4ielikult eestikeelseks.<\/p>\n\n\n\n<p>Vali kindlates k\u00e4tes haridus, vali Reformierakond!<\/p>\n\n\n<section class=\"text\">\r\n            <h2 class=\"text__title\">Kindlates k\u00e4tes haridus!<\/h2>\r\n                <div class=\"text__content\"><ul>\n<li>\u00dcleminek <a href=\"https:\/\/reform.ee\/riigikogu-valimised-2023\/valimisprogramm\/haridus-ja-noored\/#eestikeelneharidus\">\u00fchtsele eestikeelsele haridusele<\/a> algab 2024. aastast.<\/li>\n<li><a href=\"https:\/\/reform.ee\/riigikogu-valimised-2023\/valimisprogramm\/haridus-ja-noored\/#opetajatepalk\">T\u00f5stame \u00f5petaja palga 120% keskmisest palgast<\/a>.<\/li>\n<li>Kasvatame <a href=\"https:\/\/reform.ee\/riigikogu-valimised-2023\/valimisprogramm\/haridus-ja-noored\/#korgharidus\">k\u00f5rghariduse<\/a> rahastamist 15% igal aastal.<\/li>\n<li>Suurendame <a href=\"https:\/\/reform.ee\/riigikogu-valimised-2023\/valimisprogramm\/haridus-ja-noored\/#teadus\">teadus- ja arendustegevuse<\/a> rahastust 1,5% SKPst.<\/li>\n<li>Muudame <a href=\"https:\/\/reform.ee\/riigikogu-valimised-2023\/valimisprogramm\/haridus-ja-noored\/#vaimnetervis\">vaimse tervise<\/a> abi k\u00e4ttesaadavamaks.<\/li>\n<li><a href=\"https:\/\/reform.ee\/riigikogu-valimised-2023\/valimisprogramm\/regionaalpoliitika#lasteaiakohatasu\">Kaotame lasteaia kohatasu<\/a>.<\/li>\n<\/ul>\n<p>Tutvu valimisprogrammiga:\u00a0<a href=\"https:\/\/reform.ee\/riigikogu-valimised-2023\/valimisprogramm\/haridus-ja-noored\/\">Kindlates k\u00e4tes haridus ja noored.<\/a><\/p>\n<\/div>\r\n    <\/section>","protected":false},"excerpt":{"rendered":"<p>Haridus on kindlates k\u00e4tes, kui meil on \u00fchtne ning kvaliteetne eestikeelne hariduss\u00fcsteem, kus v\u00e4\u00e4rtustatakse \u00f5petajaid ja l\u00e4henetakse \u00f5pilastele v\u00f5imalikult individuaalselt. Hariduss\u00fcsteem peab looma \u00fchtses inforuumis m\u00f5tleva \u00fchiskonna. Reformierakond on s\u00fcsteemselt tegutsenud eestikeelsele \u00f5ppele \u00fclemineku nimel ning n\u00fc\u00fcd on see viimaks saamas reaalsuseks. Kui oleme j\u00e4rgmises valitsuses, algab \u00fcleminek 2024. aastal alushariduses ning aastaks 2030 saavad [&hellip;]<\/p>\n","protected":false},"author":5,"featured_media":0,"parent":3371,"menu_order":3,"comment_status":"closed","ping_status":"closed","template":"","meta":{"_acf_changed":false,"footnotes":""},"class_list":["post-3416","page","type-page","status-publish","hentry"],"acf":[],"yoast_head":"<!-- This site is optimized with the Yoast SEO plugin v27.3 - https:\/\/yoast.com\/product\/yoast-seo-wordpress\/ -->\n<title>Reformierakonnaga p\u00fcsib haridus kindlates k\u00e4tes! | Reformierakond | Riigikogu valimised 2023<\/title>\n<meta name=\"description\" content=\"Haridus on kindlates k\u00e4tes, kui meil on \u00fchtne ning kvaliteetne eestikeelne hariduss\u00fcsteem, kus v\u00e4\u00e4rtustatakse \u00f5petajaid ja l\u00e4henetakse \u00f5pilastele v\u00f5imalikult individuaalselt.\" \/>\n<meta name=\"robots\" content=\"index, follow, max-snippet:-1, max-image-preview:large, max-video-preview:-1\" \/>\n<link rel=\"canonical\" href=\"https:\/\/reform.ee\/riigikogu-valimised-2023\/pohilubadused\/reformierakonnaga-pusib-haridus-kindlates-kates\/\" \/>\n<meta property=\"og:locale\" content=\"en_US\" \/>\n<meta property=\"og:type\" content=\"article\" \/>\n<meta property=\"og:title\" content=\"Reformierakonnaga p\u00fcsib haridus kindlates k\u00e4tes! | Reformierakond | Riigikogu valimised 2023\" \/>\n<meta property=\"og:description\" content=\"Haridus on kindlates k\u00e4tes, kui meil on \u00fchtne ning kvaliteetne eestikeelne hariduss\u00fcsteem, kus v\u00e4\u00e4rtustatakse \u00f5petajaid ja l\u00e4henetakse \u00f5pilastele v\u00f5imalikult individuaalselt.\" \/>\n<meta property=\"og:url\" content=\"https:\/\/reform.ee\/riigikogu-valimised-2023\/pohilubadused\/reformierakonnaga-pusib-haridus-kindlates-kates\/\" \/>\n<meta property=\"og:site_name\" content=\"Riigikogu valimised 2023\" \/>\n<meta property=\"article:publisher\" content=\"https:\/\/www.facebook.com\/reformierakond\" \/>\n<meta property=\"article:modified_time\" content=\"2023-01-25T11:43:30+00:00\" \/>\n<meta property=\"og:image\" content=\"https:\/\/reform.ee\/riigikogu-valimised-2023\/wp-content\/uploads\/2023\/01\/Reformierakond-kindlates-kates-haridus.jpg\" \/>\n\t<meta property=\"og:image:width\" content=\"1200\" \/>\n\t<meta property=\"og:image:height\" content=\"630\" \/>\n\t<meta property=\"og:image:type\" content=\"image\/jpeg\" \/>\n<meta name=\"twitter:card\" content=\"summary_large_image\" \/>\n<meta name=\"twitter:description\" content=\"Haridus on kindlates k\u00e4tes, kui meil on \u00fchtne ning kvaliteetne eestikeelne hariduss\u00fcsteem, kus v\u00e4\u00e4rtustatakse \u00f5petajaid ja l\u00e4henetakse \u00f5pilastele v\u00f5imalikult individuaalselt.\" \/>\n<meta name=\"twitter:image\" content=\"https:\/\/reform.ee\/riigikogu-valimised-2023\/wp-content\/uploads\/2023\/01\/Reformierakond-kindlates-kates-haridus.jpg\" \/>\n<meta name=\"twitter:site\" content=\"@reformikad\" \/>\n<meta name=\"twitter:label1\" content=\"Est. reading time\" \/>\n\t<meta name=\"twitter:data1\" content=\"1 minute\" \/>\n<script type=\"application\/ld+json\" class=\"yoast-schema-graph\">{\"@context\":\"https:\\\/\\\/schema.org\",\"@graph\":[{\"@type\":\"WebPage\",\"@id\":\"https:\\\/\\\/reform.ee\\\/riigikogu-valimised-2023\\\/pohilubadused\\\/reformierakonnaga-pusib-haridus-kindlates-kates\\\/\",\"url\":\"https:\\\/\\\/reform.ee\\\/riigikogu-valimised-2023\\\/pohilubadused\\\/reformierakonnaga-pusib-haridus-kindlates-kates\\\/\",\"name\":\"Reformierakonnaga p\u00fcsib haridus kindlates k\u00e4tes! | Reformierakond | Riigikogu valimised 2023\",\"isPartOf\":{\"@id\":\"https:\\\/\\\/reform.ee\\\/riigikogu-valimised-2023\\\/#website\"},\"primaryImageOfPage\":{\"@id\":\"https:\\\/\\\/reform.ee\\\/riigikogu-valimised-2023\\\/pohilubadused\\\/reformierakonnaga-pusib-haridus-kindlates-kates\\\/#primaryimage\"},\"image\":{\"@id\":\"https:\\\/\\\/reform.ee\\\/riigikogu-valimised-2023\\\/pohilubadused\\\/reformierakonnaga-pusib-haridus-kindlates-kates\\\/#primaryimage\"},\"thumbnailUrl\":\"https:\\\/\\\/reform.ee\\\/riigikogu-valimised-2023\\\/wp-content\\\/uploads\\\/2023\\\/01\\\/reformierakond-haridus.png\",\"datePublished\":\"2023-01-10T19:29:45+00:00\",\"dateModified\":\"2023-01-25T11:43:30+00:00\",\"description\":\"Haridus on kindlates k\u00e4tes, kui meil on \u00fchtne ning kvaliteetne eestikeelne hariduss\u00fcsteem, kus v\u00e4\u00e4rtustatakse \u00f5petajaid ja l\u00e4henetakse \u00f5pilastele v\u00f5imalikult individuaalselt.\",\"breadcrumb\":{\"@id\":\"https:\\\/\\\/reform.ee\\\/riigikogu-valimised-2023\\\/pohilubadused\\\/reformierakonnaga-pusib-haridus-kindlates-kates\\\/#breadcrumb\"},\"inLanguage\":\"en\",\"potentialAction\":[{\"@type\":\"ReadAction\",\"target\":[\"https:\\\/\\\/reform.ee\\\/riigikogu-valimised-2023\\\/pohilubadused\\\/reformierakonnaga-pusib-haridus-kindlates-kates\\\/\"]}]},{\"@type\":\"ImageObject\",\"inLanguage\":\"en\",\"@id\":\"https:\\\/\\\/reform.ee\\\/riigikogu-valimised-2023\\\/pohilubadused\\\/reformierakonnaga-pusib-haridus-kindlates-kates\\\/#primaryimage\",\"url\":\"https:\\\/\\\/reform.ee\\\/riigikogu-valimised-2023\\\/wp-content\\\/uploads\\\/2023\\\/01\\\/reformierakond-haridus.png\",\"contentUrl\":\"https:\\\/\\\/reform.ee\\\/riigikogu-valimised-2023\\\/wp-content\\\/uploads\\\/2023\\\/01\\\/reformierakond-haridus.png\",\"width\":1024,\"height\":462},{\"@type\":\"BreadcrumbList\",\"@id\":\"https:\\\/\\\/reform.ee\\\/riigikogu-valimised-2023\\\/pohilubadused\\\/reformierakonnaga-pusib-haridus-kindlates-kates\\\/#breadcrumb\",\"itemListElement\":[{\"@type\":\"ListItem\",\"position\":1,\"name\":\"Home\",\"item\":\"https:\\\/\\\/reform.ee\\\/riigikogu-valimised-2023\\\/\"},{\"@type\":\"ListItem\",\"position\":2,\"name\":\"P\u00f5hilubadused\",\"item\":\"https:\\\/\\\/reform.ee\\\/riigikogu-valimised-2023\\\/pohilubadused\\\/\"},{\"@type\":\"ListItem\",\"position\":3,\"name\":\"Reformierakonnaga p\u00fcsib haridus kindlates k\u00e4tes!\"}]},{\"@type\":\"WebSite\",\"@id\":\"https:\\\/\\\/reform.ee\\\/riigikogu-valimised-2023\\\/#website\",\"url\":\"https:\\\/\\\/reform.ee\\\/riigikogu-valimised-2023\\\/\",\"name\":\"Riigikogu valimised 2023\",\"description\":\"Reformierakond\",\"potentialAction\":[{\"@type\":\"SearchAction\",\"target\":{\"@type\":\"EntryPoint\",\"urlTemplate\":\"https:\\\/\\\/reform.ee\\\/riigikogu-valimised-2023\\\/?s={search_term_string}\"},\"query-input\":{\"@type\":\"PropertyValueSpecification\",\"valueRequired\":true,\"valueName\":\"search_term_string\"}}],\"inLanguage\":\"en\"}]}<\/script>\n<!-- \/ Yoast SEO plugin. -->","yoast_head_json":{"title":"Reformierakonnaga p\u00fcsib haridus kindlates k\u00e4tes! | Reformierakond | Riigikogu valimised 2023","description":"Haridus on kindlates k\u00e4tes, kui meil on \u00fchtne ning kvaliteetne eestikeelne hariduss\u00fcsteem, kus v\u00e4\u00e4rtustatakse \u00f5petajaid ja l\u00e4henetakse \u00f5pilastele v\u00f5imalikult individuaalselt.","robots":{"index":"index","follow":"follow","max-snippet":"max-snippet:-1","max-image-preview":"max-image-preview:large","max-video-preview":"max-video-preview:-1"},"canonical":"https:\/\/reform.ee\/riigikogu-valimised-2023\/pohilubadused\/reformierakonnaga-pusib-haridus-kindlates-kates\/","og_locale":"en_US","og_type":"article","og_title":"Reformierakonnaga p\u00fcsib haridus kindlates k\u00e4tes! | Reformierakond | Riigikogu valimised 2023","og_description":"Haridus on kindlates k\u00e4tes, kui meil on \u00fchtne ning kvaliteetne eestikeelne hariduss\u00fcsteem, kus v\u00e4\u00e4rtustatakse \u00f5petajaid ja l\u00e4henetakse \u00f5pilastele v\u00f5imalikult individuaalselt.","og_url":"https:\/\/reform.ee\/riigikogu-valimised-2023\/pohilubadused\/reformierakonnaga-pusib-haridus-kindlates-kates\/","og_site_name":"Riigikogu valimised 2023","article_publisher":"https:\/\/www.facebook.com\/reformierakond","article_modified_time":"2023-01-25T11:43:30+00:00","og_image":[{"width":1200,"height":630,"url":"https:\/\/reform.ee\/riigikogu-valimised-2023\/wp-content\/uploads\/2023\/01\/Reformierakond-kindlates-kates-haridus.jpg","type":"image\/jpeg"}],"twitter_card":"summary_large_image","twitter_description":"Haridus on kindlates k\u00e4tes, kui meil on \u00fchtne ning kvaliteetne eestikeelne hariduss\u00fcsteem, kus v\u00e4\u00e4rtustatakse \u00f5petajaid ja l\u00e4henetakse \u00f5pilastele v\u00f5imalikult individuaalselt.","twitter_image":"https:\/\/reform.ee\/riigikogu-valimised-2023\/wp-content\/uploads\/2023\/01\/Reformierakond-kindlates-kates-haridus.jpg","twitter_site":"@reformikad","twitter_misc":{"Est. reading time":"1 minute"},"schema":{"@context":"https:\/\/schema.org","@graph":[{"@type":"WebPage","@id":"https:\/\/reform.ee\/riigikogu-valimised-2023\/pohilubadused\/reformierakonnaga-pusib-haridus-kindlates-kates\/","url":"https:\/\/reform.ee\/riigikogu-valimised-2023\/pohilubadused\/reformierakonnaga-pusib-haridus-kindlates-kates\/","name":"Reformierakonnaga p\u00fcsib haridus kindlates k\u00e4tes! | Reformierakond | Riigikogu valimised 2023","isPartOf":{"@id":"https:\/\/reform.ee\/riigikogu-valimised-2023\/#website"},"primaryImageOfPage":{"@id":"https:\/\/reform.ee\/riigikogu-valimised-2023\/pohilubadused\/reformierakonnaga-pusib-haridus-kindlates-kates\/#primaryimage"},"image":{"@id":"https:\/\/reform.ee\/riigikogu-valimised-2023\/pohilubadused\/reformierakonnaga-pusib-haridus-kindlates-kates\/#primaryimage"},"thumbnailUrl":"https:\/\/reform.ee\/riigikogu-valimised-2023\/wp-content\/uploads\/2023\/01\/reformierakond-haridus.png","datePublished":"2023-01-10T19:29:45+00:00","dateModified":"2023-01-25T11:43:30+00:00","description":"Haridus on kindlates k\u00e4tes, kui meil on \u00fchtne ning kvaliteetne eestikeelne hariduss\u00fcsteem, kus v\u00e4\u00e4rtustatakse \u00f5petajaid ja l\u00e4henetakse \u00f5pilastele v\u00f5imalikult individuaalselt.","breadcrumb":{"@id":"https:\/\/reform.ee\/riigikogu-valimised-2023\/pohilubadused\/reformierakonnaga-pusib-haridus-kindlates-kates\/#breadcrumb"},"inLanguage":"en","potentialAction":[{"@type":"ReadAction","target":["https:\/\/reform.ee\/riigikogu-valimised-2023\/pohilubadused\/reformierakonnaga-pusib-haridus-kindlates-kates\/"]}]},{"@type":"ImageObject","inLanguage":"en","@id":"https:\/\/reform.ee\/riigikogu-valimised-2023\/pohilubadused\/reformierakonnaga-pusib-haridus-kindlates-kates\/#primaryimage","url":"https:\/\/reform.ee\/riigikogu-valimised-2023\/wp-content\/uploads\/2023\/01\/reformierakond-haridus.png","contentUrl":"https:\/\/reform.ee\/riigikogu-valimised-2023\/wp-content\/uploads\/2023\/01\/reformierakond-haridus.png","width":1024,"height":462},{"@type":"BreadcrumbList","@id":"https:\/\/reform.ee\/riigikogu-valimised-2023\/pohilubadused\/reformierakonnaga-pusib-haridus-kindlates-kates\/#breadcrumb","itemListElement":[{"@type":"ListItem","position":1,"name":"Home","item":"https:\/\/reform.ee\/riigikogu-valimised-2023\/"},{"@type":"ListItem","position":2,"name":"P\u00f5hilubadused","item":"https:\/\/reform.ee\/riigikogu-valimised-2023\/pohilubadused\/"},{"@type":"ListItem","position":3,"name":"Reformierakonnaga p\u00fcsib haridus kindlates k\u00e4tes!"}]},{"@type":"WebSite","@id":"https:\/\/reform.ee\/riigikogu-valimised-2023\/#website","url":"https:\/\/reform.ee\/riigikogu-valimised-2023\/","name":"Riigikogu valimised 2023","description":"Reformierakond","potentialAction":[{"@type":"SearchAction","target":{"@type":"EntryPoint","urlTemplate":"https:\/\/reform.ee\/riigikogu-valimised-2023\/?s={search_term_string}"},"query-input":{"@type":"PropertyValueSpecification","valueRequired":true,"valueName":"search_term_string"}}],"inLanguage":"en"}]}},"_links":{"self":[{"href":"https:\/\/reform.ee\/riigikogu-valimised-2023\/wp-json\/wp\/v2\/pages\/3416","targetHints":{"allow":["GET"]}}],"collection":[{"href":"https:\/\/reform.ee\/riigikogu-valimised-2023\/wp-json\/wp\/v2\/pages"}],"about":[{"href":"https:\/\/reform.ee\/riigikogu-valimised-2023\/wp-json\/wp\/v2\/types\/page"}],"author":[{"embeddable":true,"href":"https:\/\/reform.ee\/riigikogu-valimised-2023\/wp-json\/wp\/v2\/users\/5"}],"replies":[{"embeddable":true,"href":"https:\/\/reform.ee\/riigikogu-valimised-2023\/wp-json\/wp\/v2\/comments?post=3416"}],"version-history":[{"count":14,"href":"https:\/\/reform.ee\/riigikogu-valimised-2023\/wp-json\/wp\/v2\/pages\/3416\/revisions"}],"predecessor-version":[{"id":4365,"href":"https:\/\/reform.ee\/riigikogu-valimised-2023\/wp-json\/wp\/v2\/pages\/3416\/revisions\/4365"}],"up":[{"embeddable":true,"href":"https:\/\/reform.ee\/riigikogu-valimised-2023\/wp-json\/wp\/v2\/pages\/3371"}],"wp:attachment":[{"href":"https:\/\/reform.ee\/riigikogu-valimised-2023\/wp-json\/wp\/v2\/media?parent=3416"}],"curies":[{"name":"wp","href":"https:\/\/api.w.org\/{rel}","templated":true}]}}