{"id":3373,"date":"2023-01-10T20:39:12","date_gmt":"2023-01-10T18:39:12","guid":{"rendered":"https:\/\/reform.ee\/riigikogu-valimised-2023\/?page_id=3373"},"modified":"2023-01-23T18:30:57","modified_gmt":"2023-01-23T16:30:57","slug":"reformierakonnaga-pusib-julgeolek-kindlates-kates","status":"publish","type":"page","link":"https:\/\/reform.ee\/riigikogu-valimised-2023\/pohilubadused\/reformierakonnaga-pusib-julgeolek-kindlates-kates\/","title":{"rendered":"Reformierakonnaga p\u00fcsib julgeolek kindlates k\u00e4tes!"},"content":{"rendered":"\n<figure class=\"wp-block-image size-full\"><img loading=\"lazy\" decoding=\"async\" width=\"1024\" height=\"512\" src=\"https:\/\/reform.ee\/riigikogu-valimised-2023\/wp-content\/uploads\/2023\/01\/reformierakond-kindlates-kates-julgeolek.png\" alt=\"\" class=\"wp-image-3394\" srcset=\"https:\/\/reform.ee\/riigikogu-valimised-2023\/wp-content\/uploads\/2023\/01\/reformierakond-kindlates-kates-julgeolek.png 1024w, https:\/\/reform.ee\/riigikogu-valimised-2023\/wp-content\/uploads\/2023\/01\/reformierakond-kindlates-kates-julgeolek-300x150.png 300w, https:\/\/reform.ee\/riigikogu-valimised-2023\/wp-content\/uploads\/2023\/01\/reformierakond-kindlates-kates-julgeolek-768x384.png 768w, https:\/\/reform.ee\/riigikogu-valimised-2023\/wp-content\/uploads\/2023\/01\/reformierakond-kindlates-kates-julgeolek-512x256.png 512w\" sizes=\"auto, (max-width: 1024px) 100vw, 1024px\" \/><\/figure>\n\n\n\n<p><\/p>\n\n\n\n<p>Ukrainas k\u00e4ib s\u00f5da. P\u00e4rast 24. veebruari n\u00e4eme, kui olulised on meie NATO ja Euroopa Liidu liitlased selleks, et Eestis oleks turvaline. Kinnitan, et oleme nendega v\u00f5rdv\u00e4\u00e4rse partnerina laua taga. T\u00f5stsime esimest korda kaitse-eelarve \u00fcle miljardi euro piiri. Anname Kaitsev\u00e4ele uued relvad nagu keskmaa \u00f5hut\u00f5rje, et Venemaal ei tekiks kunagi kiusatust meid r\u00fcnnata. Nii saame olla kindlad, et Pika Hermanni torni j\u00e4\u00e4b igaveseks lehvima sinumustvalge lipp.<\/p>\n\n\n\n<p>Vali kindlates k\u00e4tes julgeolek, vali Reformierakond!<\/p>\n\n\n<section class=\"text\">\r\n            <h2 class=\"text__title\">Kindlates k\u00e4tes julgeolek<\/h2>\r\n                <div class=\"text__content\"><ul>\n<li>T\u00f5stame ja hoiame <a href=\"https:\/\/reform.ee\/riigikogu-valimised-2023\/valimisprogramm\/julgeolek-ja-riigikaitse\/#riigikaitse\">riigikaitsekulud<\/a> \u00fcle 3% SKPst.<\/li>\n<li><a href=\"https:\/\/reform.ee\/riigikogu-valimised-2023\/valimisprogramm\/julgeolek-ja-riigikaitse\/#kaitsev\u00e4gi\">Keskmaa \u00f5hut\u00f5rje<\/a> Eestisse 2025.aastaks!<\/li>\n<li>T\u00f5stame oluliselt <a href=\"https:\/\/reform.ee\/riigikogu-valimised-2023\/valimisprogramm\/julgeolek-ja-riigikaitse\/#kaitseliit\">Kaitseliidu v\u00f5imekust<\/a>, suurendades maakaitse isikkoosseisu kahekordseks ehk 20 000 inimeseni.<\/li>\n<li>Loome <a href=\"https:\/\/reform.ee\/riigikogu-valimised-2023\/valimisprogramm\/julgeolek-ja-riigikaitse\/#kaitsev\u00e4gi\">Eesti kaitsmiseks diviisisuuruse \u00fcksuse<\/a>, kuhu kuulub liitlaste brigaad.<\/li>\n<li>Muudame <a href=\"https:\/\/reform.ee\/riigikogu-valimised-2023\/valimisprogramm\/julgeolek-ja-riigikaitse\/#riigikaitseopetus\">riigikaitse\u00f5ppe<\/a> osaks g\u00fcmnaasiumi \u00f5ppekavast.<\/li>\n<li>Peatame Venemaa kodanike valimis\u00f5iguse kohalike omavalitsuste volikogude valimistel.<\/li>\n<\/ul>\n<p>Tutvu valimisprogrammiga:\u00a0<a href=\"https:\/\/reform.ee\/riigikogu-valimised-2023\/valimisprogramm\/julgeolek-ja-riigikaitse\/\">Kindlates k\u00e4tes julgeolek ja riigikaitse<\/a><\/p>\n<\/div>\r\n    <\/section>\n\n\r\n<div class=\"video-player\">\r\n  <div\r\n    class=\"video\"\r\n    data-plyr-provider=\"youtube\"\r\n    data-plyr-embed-id=\"IKqdGNn5O7U\"\r\n    data-poster=\"<br \/>\n<b>Warning<\/b>:  Trying to access array offset on false in <b>\/data01\/virt62617\/domeenid\/www.reform.ee\/htdocs2\/web\/riigikogu-valimised-2023\/wp-content\/themes\/reformierakond\/acf_blocks\/video.php<\/b> on line <b>15<\/b><br \/>\n<br \/>\n<b>Warning<\/b>:  Trying to access array offset on null in <b>\/data01\/virt62617\/domeenid\/www.reform.ee\/htdocs2\/web\/riigikogu-valimised-2023\/wp-content\/themes\/reformierakond\/acf_blocks\/video.php<\/b> on line <b>15<\/b><br \/>\n&#8221;\r\n    data-plyr-config='{\r\n        &#8220;ratio&#8221;: &#8220;&#8221;\r\n      }&#8217;\r\n  ><\/div>\r\n  <div\r\n    class=\"video-player__thumbnail\"\r\n    style=\"background-image: url(<br \/>\n<b>Warning<\/b>:  Trying to access array offset on false in <b>\/data01\/virt62617\/domeenid\/www.reform.ee\/htdocs2\/web\/riigikogu-valimised-2023\/wp-content\/themes\/reformierakond\/acf_blocks\/video.php<\/b> on line <b>22<\/b><br \/>\n<br \/>\n<b>Warning<\/b>:  Trying to access array offset on null in <b>\/data01\/virt62617\/domeenid\/www.reform.ee\/htdocs2\/web\/riigikogu-valimised-2023\/wp-content\/themes\/reformierakond\/acf_blocks\/video.php<\/b> on line <b>22<\/b><br \/>\n);&#8221;\r\n  >\r\n          <h2 class=\"video-player__title\">Nende valimiste p\u00f5hik\u00fcsimus on julgeolek<\/h2>\r\n      <\/div>\r\n<\/div>\r\n","protected":false},"excerpt":{"rendered":"<p>Ukrainas k\u00e4ib s\u00f5da. P\u00e4rast 24. veebruari n\u00e4eme, kui olulised on meie NATO ja Euroopa Liidu liitlased selleks, et Eestis oleks turvaline. Kinnitan, et oleme nendega v\u00f5rdv\u00e4\u00e4rse partnerina laua taga. T\u00f5stsime esimest korda kaitse-eelarve \u00fcle miljardi euro piiri. Anname Kaitsev\u00e4ele uued relvad nagu keskmaa \u00f5hut\u00f5rje, et Venemaal ei tekiks kunagi kiusatust meid r\u00fcnnata. Nii saame olla [&hellip;]<\/p>\n","protected":false},"author":5,"featured_media":0,"parent":3371,"menu_order":1,"comment_status":"closed","ping_status":"closed","template":"","meta":{"_acf_changed":false,"footnotes":""},"class_list":["post-3373","page","type-page","status-publish","hentry"],"acf":[],"yoast_head":"<!-- This site is optimized with the Yoast SEO plugin v27.3 - https:\/\/yoast.com\/product\/yoast-seo-wordpress\/ -->\n<title>Reformierakonnaga p\u00fcsib julgeolek kindlates k\u00e4tes! | Reformierakond | Riigikogu valimised 2023<\/title>\n<meta name=\"description\" content=\"Valides Riigikogu valimistel Reformierakonda on Eesti kindlates k\u00e4tes. Kindlates k\u00e4tes Eesti t\u00e4hendab kindlates k\u00e4tes julgeolekut ja liitlassuhteid, toimetulekut, majandust ja ettev\u00f5tlust, v\u00e4lispoliitikat, tervishoidu ja kvaliteetset eestikeelset haridust.\" \/>\n<meta name=\"robots\" content=\"index, follow, max-snippet:-1, max-image-preview:large, max-video-preview:-1\" \/>\n<link rel=\"canonical\" href=\"https:\/\/reform.ee\/riigikogu-valimised-2023\/pohilubadused\/reformierakonnaga-pusib-julgeolek-kindlates-kates\/\" \/>\n<meta property=\"og:locale\" content=\"en_US\" \/>\n<meta property=\"og:type\" content=\"article\" \/>\n<meta property=\"og:title\" content=\"Reformierakonnaga p\u00fcsib julgeolek kindlates k\u00e4tes! | Reformierakond | Riigikogu valimised 2023\" \/>\n<meta property=\"og:description\" content=\"Valides Riigikogu valimistel Reformierakonda on Eesti kindlates k\u00e4tes. Kindlates k\u00e4tes Eesti t\u00e4hendab kindlates k\u00e4tes julgeolekut ja liitlassuhteid, toimetulekut, majandust ja ettev\u00f5tlust, v\u00e4lispoliitikat, tervishoidu ja kvaliteetset eestikeelset haridust.\" \/>\n<meta property=\"og:url\" content=\"https:\/\/reform.ee\/riigikogu-valimised-2023\/pohilubadused\/reformierakonnaga-pusib-julgeolek-kindlates-kates\/\" \/>\n<meta property=\"og:site_name\" content=\"Riigikogu valimised 2023\" \/>\n<meta property=\"article:publisher\" content=\"https:\/\/www.facebook.com\/reformierakond\" \/>\n<meta property=\"article:modified_time\" content=\"2023-01-23T16:30:57+00:00\" \/>\n<meta property=\"og:image\" content=\"https:\/\/reform.ee\/riigikogu-valimised-2023\/wp-content\/uploads\/2023\/01\/Reformierakond-kindlates-kates-julgeolek.jpg\" \/>\n\t<meta property=\"og:image:width\" content=\"1200\" \/>\n\t<meta property=\"og:image:height\" content=\"630\" \/>\n\t<meta property=\"og:image:type\" content=\"image\/jpeg\" \/>\n<meta name=\"twitter:card\" content=\"summary_large_image\" \/>\n<meta name=\"twitter:title\" content=\"Reformierakonnaga p\u00fcsib julgeolek kindlates k\u00e4tes! | Reformierakond | Riigikogu valimised 2023\" \/>\n<meta name=\"twitter:description\" content=\"Valides Riigikogu valimistel Reformierakonda on Eesti kindlates k\u00e4tes. Kindlates k\u00e4tes Eesti t\u00e4hendab kindlates k\u00e4tes julgeolekut ja liitlassuhteid, toimetulekut, majandust ja ettev\u00f5tlust, v\u00e4lispoliitikat, tervishoidu ja kvaliteetset eestikeelset haridust.\" \/>\n<meta name=\"twitter:image\" content=\"https:\/\/reform.ee\/riigikogu-valimised-2023\/wp-content\/uploads\/2023\/01\/Reformierakond-kindlates-kates-julgeolek.jpg\" \/>\n<meta name=\"twitter:site\" content=\"@reformikad\" \/>\n<meta name=\"twitter:label1\" content=\"Est. reading time\" \/>\n\t<meta name=\"twitter:data1\" content=\"1 minute\" \/>\n<script type=\"application\/ld+json\" class=\"yoast-schema-graph\">{\"@context\":\"https:\\\/\\\/schema.org\",\"@graph\":[{\"@type\":\"WebPage\",\"@id\":\"https:\\\/\\\/reform.ee\\\/riigikogu-valimised-2023\\\/pohilubadused\\\/reformierakonnaga-pusib-julgeolek-kindlates-kates\\\/\",\"url\":\"https:\\\/\\\/reform.ee\\\/riigikogu-valimised-2023\\\/pohilubadused\\\/reformierakonnaga-pusib-julgeolek-kindlates-kates\\\/\",\"name\":\"Reformierakonnaga p\u00fcsib julgeolek kindlates k\u00e4tes! | Reformierakond | Riigikogu valimised 2023\",\"isPartOf\":{\"@id\":\"https:\\\/\\\/reform.ee\\\/riigikogu-valimised-2023\\\/#website\"},\"primaryImageOfPage\":{\"@id\":\"https:\\\/\\\/reform.ee\\\/riigikogu-valimised-2023\\\/pohilubadused\\\/reformierakonnaga-pusib-julgeolek-kindlates-kates\\\/#primaryimage\"},\"image\":{\"@id\":\"https:\\\/\\\/reform.ee\\\/riigikogu-valimised-2023\\\/pohilubadused\\\/reformierakonnaga-pusib-julgeolek-kindlates-kates\\\/#primaryimage\"},\"thumbnailUrl\":\"https:\\\/\\\/reform.ee\\\/riigikogu-valimised-2023\\\/wp-content\\\/uploads\\\/2023\\\/01\\\/reformierakond-kindlates-kates-julgeolek.png\",\"datePublished\":\"2023-01-10T18:39:12+00:00\",\"dateModified\":\"2023-01-23T16:30:57+00:00\",\"description\":\"Valides Riigikogu valimistel Reformierakonda on Eesti kindlates k\u00e4tes. Kindlates k\u00e4tes Eesti t\u00e4hendab kindlates k\u00e4tes julgeolekut ja liitlassuhteid, toimetulekut, majandust ja ettev\u00f5tlust, v\u00e4lispoliitikat, tervishoidu ja kvaliteetset eestikeelset haridust.\",\"breadcrumb\":{\"@id\":\"https:\\\/\\\/reform.ee\\\/riigikogu-valimised-2023\\\/pohilubadused\\\/reformierakonnaga-pusib-julgeolek-kindlates-kates\\\/#breadcrumb\"},\"inLanguage\":\"en\",\"potentialAction\":[{\"@type\":\"ReadAction\",\"target\":[\"https:\\\/\\\/reform.ee\\\/riigikogu-valimised-2023\\\/pohilubadused\\\/reformierakonnaga-pusib-julgeolek-kindlates-kates\\\/\"]}]},{\"@type\":\"ImageObject\",\"inLanguage\":\"en\",\"@id\":\"https:\\\/\\\/reform.ee\\\/riigikogu-valimised-2023\\\/pohilubadused\\\/reformierakonnaga-pusib-julgeolek-kindlates-kates\\\/#primaryimage\",\"url\":\"https:\\\/\\\/reform.ee\\\/riigikogu-valimised-2023\\\/wp-content\\\/uploads\\\/2023\\\/01\\\/reformierakond-kindlates-kates-julgeolek.png\",\"contentUrl\":\"https:\\\/\\\/reform.ee\\\/riigikogu-valimised-2023\\\/wp-content\\\/uploads\\\/2023\\\/01\\\/reformierakond-kindlates-kates-julgeolek.png\",\"width\":1024,\"height\":512,\"caption\":\"Reformierakond kindlates kates julgeolek\"},{\"@type\":\"BreadcrumbList\",\"@id\":\"https:\\\/\\\/reform.ee\\\/riigikogu-valimised-2023\\\/pohilubadused\\\/reformierakonnaga-pusib-julgeolek-kindlates-kates\\\/#breadcrumb\",\"itemListElement\":[{\"@type\":\"ListItem\",\"position\":1,\"name\":\"Home\",\"item\":\"https:\\\/\\\/reform.ee\\\/riigikogu-valimised-2023\\\/\"},{\"@type\":\"ListItem\",\"position\":2,\"name\":\"P\u00f5hilubadused\",\"item\":\"https:\\\/\\\/reform.ee\\\/riigikogu-valimised-2023\\\/pohilubadused\\\/\"},{\"@type\":\"ListItem\",\"position\":3,\"name\":\"Reformierakonnaga p\u00fcsib julgeolek kindlates k\u00e4tes!\"}]},{\"@type\":\"WebSite\",\"@id\":\"https:\\\/\\\/reform.ee\\\/riigikogu-valimised-2023\\\/#website\",\"url\":\"https:\\\/\\\/reform.ee\\\/riigikogu-valimised-2023\\\/\",\"name\":\"Riigikogu valimised 2023\",\"description\":\"Reformierakond\",\"potentialAction\":[{\"@type\":\"SearchAction\",\"target\":{\"@type\":\"EntryPoint\",\"urlTemplate\":\"https:\\\/\\\/reform.ee\\\/riigikogu-valimised-2023\\\/?s={search_term_string}\"},\"query-input\":{\"@type\":\"PropertyValueSpecification\",\"valueRequired\":true,\"valueName\":\"search_term_string\"}}],\"inLanguage\":\"en\"}]}<\/script>\n<!-- \/ Yoast SEO plugin. -->","yoast_head_json":{"title":"Reformierakonnaga p\u00fcsib julgeolek kindlates k\u00e4tes! | Reformierakond | Riigikogu valimised 2023","description":"Valides Riigikogu valimistel Reformierakonda on Eesti kindlates k\u00e4tes. Kindlates k\u00e4tes Eesti t\u00e4hendab kindlates k\u00e4tes julgeolekut ja liitlassuhteid, toimetulekut, majandust ja ettev\u00f5tlust, v\u00e4lispoliitikat, tervishoidu ja kvaliteetset eestikeelset haridust.","robots":{"index":"index","follow":"follow","max-snippet":"max-snippet:-1","max-image-preview":"max-image-preview:large","max-video-preview":"max-video-preview:-1"},"canonical":"https:\/\/reform.ee\/riigikogu-valimised-2023\/pohilubadused\/reformierakonnaga-pusib-julgeolek-kindlates-kates\/","og_locale":"en_US","og_type":"article","og_title":"Reformierakonnaga p\u00fcsib julgeolek kindlates k\u00e4tes! | Reformierakond | Riigikogu valimised 2023","og_description":"Valides Riigikogu valimistel Reformierakonda on Eesti kindlates k\u00e4tes. Kindlates k\u00e4tes Eesti t\u00e4hendab kindlates k\u00e4tes julgeolekut ja liitlassuhteid, toimetulekut, majandust ja ettev\u00f5tlust, v\u00e4lispoliitikat, tervishoidu ja kvaliteetset eestikeelset haridust.","og_url":"https:\/\/reform.ee\/riigikogu-valimised-2023\/pohilubadused\/reformierakonnaga-pusib-julgeolek-kindlates-kates\/","og_site_name":"Riigikogu valimised 2023","article_publisher":"https:\/\/www.facebook.com\/reformierakond","article_modified_time":"2023-01-23T16:30:57+00:00","og_image":[{"width":1200,"height":630,"url":"https:\/\/reform.ee\/riigikogu-valimised-2023\/wp-content\/uploads\/2023\/01\/Reformierakond-kindlates-kates-julgeolek.jpg","type":"image\/jpeg"}],"twitter_card":"summary_large_image","twitter_title":"Reformierakonnaga p\u00fcsib julgeolek kindlates k\u00e4tes! | Reformierakond | Riigikogu valimised 2023","twitter_description":"Valides Riigikogu valimistel Reformierakonda on Eesti kindlates k\u00e4tes. Kindlates k\u00e4tes Eesti t\u00e4hendab kindlates k\u00e4tes julgeolekut ja liitlassuhteid, toimetulekut, majandust ja ettev\u00f5tlust, v\u00e4lispoliitikat, tervishoidu ja kvaliteetset eestikeelset haridust.","twitter_image":"https:\/\/reform.ee\/riigikogu-valimised-2023\/wp-content\/uploads\/2023\/01\/Reformierakond-kindlates-kates-julgeolek.jpg","twitter_site":"@reformikad","twitter_misc":{"Est. reading time":"1 minute"},"schema":{"@context":"https:\/\/schema.org","@graph":[{"@type":"WebPage","@id":"https:\/\/reform.ee\/riigikogu-valimised-2023\/pohilubadused\/reformierakonnaga-pusib-julgeolek-kindlates-kates\/","url":"https:\/\/reform.ee\/riigikogu-valimised-2023\/pohilubadused\/reformierakonnaga-pusib-julgeolek-kindlates-kates\/","name":"Reformierakonnaga p\u00fcsib julgeolek kindlates k\u00e4tes! | Reformierakond | Riigikogu valimised 2023","isPartOf":{"@id":"https:\/\/reform.ee\/riigikogu-valimised-2023\/#website"},"primaryImageOfPage":{"@id":"https:\/\/reform.ee\/riigikogu-valimised-2023\/pohilubadused\/reformierakonnaga-pusib-julgeolek-kindlates-kates\/#primaryimage"},"image":{"@id":"https:\/\/reform.ee\/riigikogu-valimised-2023\/pohilubadused\/reformierakonnaga-pusib-julgeolek-kindlates-kates\/#primaryimage"},"thumbnailUrl":"https:\/\/reform.ee\/riigikogu-valimised-2023\/wp-content\/uploads\/2023\/01\/reformierakond-kindlates-kates-julgeolek.png","datePublished":"2023-01-10T18:39:12+00:00","dateModified":"2023-01-23T16:30:57+00:00","description":"Valides Riigikogu valimistel Reformierakonda on Eesti kindlates k\u00e4tes. Kindlates k\u00e4tes Eesti t\u00e4hendab kindlates k\u00e4tes julgeolekut ja liitlassuhteid, toimetulekut, majandust ja ettev\u00f5tlust, v\u00e4lispoliitikat, tervishoidu ja kvaliteetset eestikeelset haridust.","breadcrumb":{"@id":"https:\/\/reform.ee\/riigikogu-valimised-2023\/pohilubadused\/reformierakonnaga-pusib-julgeolek-kindlates-kates\/#breadcrumb"},"inLanguage":"en","potentialAction":[{"@type":"ReadAction","target":["https:\/\/reform.ee\/riigikogu-valimised-2023\/pohilubadused\/reformierakonnaga-pusib-julgeolek-kindlates-kates\/"]}]},{"@type":"ImageObject","inLanguage":"en","@id":"https:\/\/reform.ee\/riigikogu-valimised-2023\/pohilubadused\/reformierakonnaga-pusib-julgeolek-kindlates-kates\/#primaryimage","url":"https:\/\/reform.ee\/riigikogu-valimised-2023\/wp-content\/uploads\/2023\/01\/reformierakond-kindlates-kates-julgeolek.png","contentUrl":"https:\/\/reform.ee\/riigikogu-valimised-2023\/wp-content\/uploads\/2023\/01\/reformierakond-kindlates-kates-julgeolek.png","width":1024,"height":512,"caption":"Reformierakond kindlates kates julgeolek"},{"@type":"BreadcrumbList","@id":"https:\/\/reform.ee\/riigikogu-valimised-2023\/pohilubadused\/reformierakonnaga-pusib-julgeolek-kindlates-kates\/#breadcrumb","itemListElement":[{"@type":"ListItem","position":1,"name":"Home","item":"https:\/\/reform.ee\/riigikogu-valimised-2023\/"},{"@type":"ListItem","position":2,"name":"P\u00f5hilubadused","item":"https:\/\/reform.ee\/riigikogu-valimised-2023\/pohilubadused\/"},{"@type":"ListItem","position":3,"name":"Reformierakonnaga p\u00fcsib julgeolek kindlates k\u00e4tes!"}]},{"@type":"WebSite","@id":"https:\/\/reform.ee\/riigikogu-valimised-2023\/#website","url":"https:\/\/reform.ee\/riigikogu-valimised-2023\/","name":"Riigikogu valimised 2023","description":"Reformierakond","potentialAction":[{"@type":"SearchAction","target":{"@type":"EntryPoint","urlTemplate":"https:\/\/reform.ee\/riigikogu-valimised-2023\/?s={search_term_string}"},"query-input":{"@type":"PropertyValueSpecification","valueRequired":true,"valueName":"search_term_string"}}],"inLanguage":"en"}]}},"_links":{"self":[{"href":"https:\/\/reform.ee\/riigikogu-valimised-2023\/wp-json\/wp\/v2\/pages\/3373","targetHints":{"allow":["GET"]}}],"collection":[{"href":"https:\/\/reform.ee\/riigikogu-valimised-2023\/wp-json\/wp\/v2\/pages"}],"about":[{"href":"https:\/\/reform.ee\/riigikogu-valimised-2023\/wp-json\/wp\/v2\/types\/page"}],"author":[{"embeddable":true,"href":"https:\/\/reform.ee\/riigikogu-valimised-2023\/wp-json\/wp\/v2\/users\/5"}],"replies":[{"embeddable":true,"href":"https:\/\/reform.ee\/riigikogu-valimised-2023\/wp-json\/wp\/v2\/comments?post=3373"}],"version-history":[{"count":24,"href":"https:\/\/reform.ee\/riigikogu-valimised-2023\/wp-json\/wp\/v2\/pages\/3373\/revisions"}],"predecessor-version":[{"id":4040,"href":"https:\/\/reform.ee\/riigikogu-valimised-2023\/wp-json\/wp\/v2\/pages\/3373\/revisions\/4040"}],"up":[{"embeddable":true,"href":"https:\/\/reform.ee\/riigikogu-valimised-2023\/wp-json\/wp\/v2\/pages\/3371"}],"wp:attachment":[{"href":"https:\/\/reform.ee\/riigikogu-valimised-2023\/wp-json\/wp\/v2\/media?parent=3373"}],"curies":[{"name":"wp","href":"https:\/\/api.w.org\/{rel}","templated":true}]}}