{"id":3355,"date":"2023-01-10T19:09:06","date_gmt":"2023-01-10T17:09:06","guid":{"rendered":"https:\/\/reform.ee\/riigikogu-valimised-2023\/?page_id=3355"},"modified":"2023-01-17T21:51:24","modified_gmt":"2023-01-17T19:51:24","slug":"maaelu","status":"publish","type":"page","link":"https:\/\/reform.ee\/riigikogu-valimised-2023\/valimisprogramm\/maaelu\/","title":{"rendered":"Maaelu"},"content":{"rendered":"\n<p>Reformierakonna eesm\u00e4rgiks on kogu Eesti tasakaalustatud areng.&nbsp;Eesti on \u00fcks tervik. Toetame maaelupoliitikat, mis toob noori peresid maale ning arendab piirkondlikku heaolu, laiendades kodu rajamise toetust \u00fcle Eesti. Eesti julgeoleku \u00fcheks nurgakiviks on toidujulgeolek, mis p\u00f5hineb kodumaisel tootmisel. Toetame p\u00f5llumajanduspoliitikat, mis aitab hoida k\u00f5rgel Eesti toidu kvaliteeti ning toota Eesti toitu keskkonnas\u00e4\u00e4stlikult. Loome tingimused, mis eelistavad keskkonnas\u00e4\u00e4stlikult toodetud toitu ning aitavad t\u00f5sta toidu kvaliteeti koolieelsetes lasteasutustes, koolides, hooldekodudes ja tervishoius.<\/p>\n\n\n\n<figure class=\"wp-block-image size-full\"><img loading=\"lazy\" decoding=\"async\" width=\"1024\" height=\"461\" src=\"https:\/\/reform.ee\/riigikogu-valimised-2023\/wp-content\/uploads\/2023\/01\/Reformierakond-kindlates-kates-maaelu.png\" alt=\"Reformierakond kindlates ka\u0308tes maaelu\" class=\"wp-image-3636\" srcset=\"https:\/\/reform.ee\/riigikogu-valimised-2023\/wp-content\/uploads\/2023\/01\/Reformierakond-kindlates-kates-maaelu.png 1024w, https:\/\/reform.ee\/riigikogu-valimised-2023\/wp-content\/uploads\/2023\/01\/Reformierakond-kindlates-kates-maaelu-300x135.png 300w, https:\/\/reform.ee\/riigikogu-valimised-2023\/wp-content\/uploads\/2023\/01\/Reformierakond-kindlates-kates-maaelu-768x346.png 768w, https:\/\/reform.ee\/riigikogu-valimised-2023\/wp-content\/uploads\/2023\/01\/Reformierakond-kindlates-kates-maaelu-512x231.png 512w\" sizes=\"auto, (max-width: 1024px) 100vw, 1024px\" \/><\/figure>\n\n\n\n<p><\/p>\n\n\n\n<h2 class=\"wp-block-heading\">Toidujulgeolek<\/h2>\n\n\n\n<h4 class=\"wp-block-heading\"><strong>Kohalik p\u00f5llumajandus ja toidutootmine on osa Eesti julgeolekust.<\/strong><\/h4>\n\n\n\n<p>Tagame kodumaise toidu varustuskindluse ja m\u00e4\u00e4ratleme toidu varustuskindluse elut\u00e4htsa teenusena. N\u00e4eme toidu varustuskindluse tagamiseks vajalikeks strateegilisteks investeeringuteks ette piisavad ressursid \u2013 aastal 2023\u20132027 on \u00fchise p\u00f5llumajanduspoliitika toetamiseks 1,6 miljardit eurot.&nbsp;Toidujulgeoleku tagamiseks ja p\u00f5llumajanduse konkurentsiv\u00f5ime s\u00e4ilitamiseks eraldatakse 2023. aastaks t\u00e4iendavalt \u20ac10 mln vahendeid sihip\u00e4raselt suunatud siseriikliku toetuse maksmiseks.<\/p>\n\n\n\n<h4 class=\"wp-block-heading\"><strong>Eesti suudab varustada oma elanikkonda p\u00f5hitoiduga.<\/strong><\/h4>\n\n\n\n<p>Kriisiolukorras on tagatud turvav\u00f5rk p\u00f5llumehele, tuleme sektorile appi sihip\u00e4raselt suunatud erakorraliste toetustega v\u00f5i \u00fcleminekutoetusega, mis aitavad tagada p\u00f5llumajandussektori konkurentsiv\u00f5ime ning toimepidevuse s\u00e4ilimise.&nbsp;<\/p>\n\n\n\n<h4 class=\"wp-block-heading\"><strong>Toidu varustuskindlus on tagatud, kui p\u00f5llumees teenib oma t\u00f6\u00f6 eest v\u00e4\u00e4rilist tasu.<\/strong><\/h4>\n\n\n\n<p>Senisest suurem osa p\u00f5llumehe sissetulekutest peab tulema turult. Suuname toetused selle tagamiseks senisest enam struktuursete muutuste esilekutsumiseks ning turuj\u00f5u suurendamiseks. Toetame \u00fchistegevust ning sektori\u00fcleseid investeeringuid.<\/p>\n\n\n\n<h4 class=\"wp-block-heading\"><strong>Eduka kodumaise toidutootmise ja ekspordi eelduseks on kvaliteetne, tarbija ootustele vastav tootmine ning tugev ja toimiv j\u00e4relevalves\u00fcsteem.<\/strong><\/h4>\n\n\n\n<p>Kohaliku tooraine v\u00e4\u00e4rindamine Eestis kohapeal loob uusi t\u00f6\u00f6kohti ja t\u00e4iendavat maksutulu. Tugevdame m\u00fc\u00fcgiedendustegevusi, tagame tugeva ja toimiva toiduohutuse j\u00e4relevalves\u00fcsteemi, seda toetava seirete, riskijuhtimise, laborite ning uute turgude avamise administratiivse v\u00f5imekuse piisava rahastamise.&nbsp;<\/p>\n\n\n\n<h4 class=\"wp-block-heading\"><strong>Motiveerime Eesti \u00fclikoole, haridus- ning teadus- ja arendusasutusi osalema toidutootmise teadmisp\u00f5hisemaks muutmises ja ettev\u00f5tjate vajadustele vastava j\u00e4relkasvu koolitamises.<\/strong><\/h4>\n\n\n\n<p>\u00dclikoolide, ettev\u00f5tjate ja riigi koost\u00f6\u00f6s loome v\u00f5rgustiku, mis aitab kaasa Eesti toidutootjate k\u00f5rgele konkurentsiv\u00f5imele ja usaldusele nende toodangu vastu.<\/p>\n\n\n\n<h4 class=\"wp-block-heading\"><strong>Aitame p\u00f5llumehel maandada tema tegevusega kaasnevad riske.<\/strong><\/h4>\n\n\n\n<p>P\u00f5llumajandus on avatud maailmaturul toimuvale ja seel\u00e4bi erinevate kriisidega kaasnevatele m\u00f5judele. Hindade volatiilsusega kaasnevate sissetulekute riskide ning kliimamuutustega kaasnevate tootmisriskide maandamiseks arendame v\u00e4lja tervikliku riskijuhtimiss\u00fcsteemi ja pakume p\u00f5llumeestele riskijuhtimismeetmeid.&nbsp;<\/p>\n\n\n\n<h4 class=\"wp-block-heading\"><strong>T\u00f6\u00f6tame v\u00e4lja Eesti p\u00f5llumajandusmaa kui kohaliku toidu tootmiseks k\u00f5ige olulisema ressursi kaitseregulatsiooni.<\/strong><\/h4>\n\n\n\n<p>T\u00f6\u00f6tame v\u00e4lja v\u00e4\u00e4rtusliku p\u00f5llumajandusmaa kaitse regulatsiooni, panustame maaparanduss\u00fcsteemide korrashoidu ning vaatame \u00fcle riigi p\u00f5llumajandusmaa omandamise ja kasutusele andmise p\u00f5him\u00f5tted, et p\u00f5llumajandusmaa j\u00e4\u00e4ks selle sihip\u00e4rasele kasutajale. Kasutame riigi p\u00f5llumajandusmaa ressurssi p\u00f5lvkondade vahetusele kaasa aitamiseks p\u00f5llumajandussektoris.<\/p>\n\n\n\n<h4 class=\"wp-block-heading\"><strong>Piirame <\/strong><strong>terrorismi toetavate ja terroriakte kasutavate riikide<\/strong> <strong>(sh Venemaa) <\/strong><strong>kodanikele ligip\u00e4\u00e4su p\u00f5llumaa ostmisele ja rentimisele.&nbsp;<\/strong><\/h4>\n\n\n\n<p>Eesti toidujulgeoleku tagamiseks piirame terrorismi toetavate ja terroriakte kasutavate riikide kodanikele ja topeltkodakondsusega isikutele v\u00e4\u00e4rtusliku p\u00f5llumaa ostmist ja rentimist. Vaatame \u00fcle riigi p\u00f5llumajandusmaa omandamise ja kasutusele andmise p\u00f5him\u00f5tted, et p\u00f5llumajandusmaa kui oluline ja taastumatu loodusressurss ning p\u00f5llumajandustootmiseks vajalik tootmisvahend j\u00e4\u00e4ks selle sihip\u00e4rasele kasutajale.<\/p>\n\n\n\n<h4 class=\"wp-block-heading\"><strong>S\u00e4ilitame p\u00f5llumajanduses ja kalanduses kasutatavale diislik\u00fctusele aktsiisim\u00e4\u00e4ra Euroopa Liidu minimaalsel lubatud tasemel aastani 2027.<\/strong><\/h4>\n\n\n\n<p>Sellega aitame Eesti p\u00f5llumajandusel kiiret tootmiskulude t\u00f5usu leevendada ja isevarustatuse taset tagada.<\/p>\n\n\n\n<h2 class=\"wp-block-heading\">Maaelu<\/h2>\n\n\n\n<h4 class=\"wp-block-heading\"><strong>Toidu tootmine peab toimuma keskkonda hoides.<\/strong><\/h4>\n\n\n\n<p>Muld, \u00f5hk, vesi ja elurikkus on p\u00f5llumehe peamised tootmisressursid. Meie p\u00f5llumajandusel on k\u00f5ik eeldused keskkonnas\u00f5bralikuks tootmiseks ja meie keskkonnaseisund on meie konkurentsieelis. T\u00e4nane puhas keskkond ja keskkonnas\u00f5bralik toidutootmine peavad saama senisest suuremaks m\u00fc\u00fcgiargumendiks nii kodu- kui ka v\u00e4listurul.&nbsp;<\/p>\n\n\n\n<h4 class=\"wp-block-heading\"><strong>P\u00f5llumees pakub toidutootmise k\u00f5rval \u00fchiskonnale erinevaid avalikke h\u00fcvesid.<\/strong><\/h4>\n\n\n\n<p>Suuname keskkonnatoetustega p\u00f5llumehi erinevaid vabatahtlikke keskkonnas\u00f5bralikke praktikaid rakendama, h\u00fcvitame avaliku h\u00fcve pakkumisega kaasneva kulu ja saamata j\u00e4\u00e4nud tulu. Motiveerime ettev\u00f5tjaid integreerima k\u00f5rgemaid keskkonnan\u00f5udeid ja -standardeid oma \u00e4rimudelitesse, mis pikas perspektiivis suurendab suutlikkust turult enam tulu teenida.<\/p>\n\n\n\n<h4 class=\"wp-block-heading\"><strong>Toetame Eesti p\u00f5llumehi ja toiduainesektorit rohe\u00fcleminekul.<\/strong><\/h4>\n\n\n\n<p>Soodustame erinevaid keskkonnainvesteeringuid uute rohe- ja digitehnoloogiate kasutuselev\u00f5tuks. T\u00e4ppisseadmete kasutamise soodustamisega aitame v\u00e4hendada s\u00f5ltuvust erinevatest sisenditest. Panustame sellesse, et erinevad p\u00f5llumajanduse- ja keskkonnaalased andmed oleksid p\u00f5llumehele k\u00e4ttesaadavad targemate tootmisotsuste tegemiseks ning erasektorile teenuste arendamiseks.<\/p>\n\n\n\n<h4 class=\"wp-block-heading\"><strong>Biomajandus on Eesti tulevik.<\/strong><\/h4>\n\n\n\n<p>Toidu ja puidu k\u00f5rval muude toodete pakkumine aitab kaasa keskkonnakoormuse v\u00e4henemisele, pakkudes v\u00f5imalusi majanduskasvuks, t\u00f6\u00f6h\u00f5iveks ja sissetulekute mitmekesistamiseks. Tagame biomajanduse valdkonna teadus- ja arendustegevuse stabiilse baasrahastamise, toetame bioressursside v\u00e4\u00e4rindamiseks tehtavaid investeeringuid ning juurdep\u00e4\u00e4su teadus- ja arendustegevusele.&nbsp;<\/p>\n\n\n\n<h4 class=\"wp-block-heading\"><strong>Suurendame mahetoodangu eelistamist n\u00fcgimismeetoditega.<\/strong><\/h4>\n\n\n\n<p>Selleks, et mahep\u00f5llumajanduse potentsiaal realiseerida ning mahep\u00f5llumajandus arvestatavaks tootmis- ning ekspordisektoriks kasvaks, arendame terviklikku ja turun\u00f5udlusel p\u00f5hinevat mahep\u00f5llumajandust. J\u00e4tkame laste tervislike toitumisharjumuste kujundamise toetamiseks mahetooraine kasutamise kompenseerimist koolides ja lasteaedades. \u00dchildame keskkonnas\u00f5braliku, kohaliku ja tervisliku toidu tootmismudeli ja aitame kaasa n\u00f5udluse kasvule selliselt toodetud toidu vastu. Otsime v\u00f5imalusi kasutada avalikus toitlustamises senisest suuremas mahus kohalikku ja tervislikku toitu. Mahetooraine kasutamise kompenseerimise j\u00e4tkamiseks mahetoitlustamise \u00f6kom\u00e4rki kasutatavates koolides ja lasteaedades eraldatakse minimaalselt 1,2 miljonit eurot aastas. Seel\u00e4bi panustame laste tervisesse, toitumisharjumuste kujundamisesse, mahep\u00f5llumajandusse ja keskkonnaalastesse teadmistesse.<\/p>\n\n\n\n<h4 class=\"wp-block-heading\"><strong>Toiduraiskamist tuleb v\u00e4hendada kolme aastaga kolmandiku v\u00f5rra.<\/strong><\/h4>\n\n\n\n<p>Toidu ja puhta vee raiskamine tuleb peatada. Selleks on vaja eelk\u00f5ige muuta \u00fchiskonna v\u00e4\u00e4rtushinnanguid. Riik peab n\u00e4itama eeskuju s\u00e4\u00e4stliku toidu- ja veek\u00e4itlusega eelk\u00f5ige koolides ja kaitsev\u00e4es. Riiklikud regulatsioonid ei tohi motiveerida kasutatava toidu ja vee muutmist j\u00e4\u00e4tmeteks.<\/p>\n","protected":false},"excerpt":{"rendered":"<p>Reformierakonna eesm\u00e4rgiks on kogu Eesti tasakaalustatud areng.&nbsp;Eesti on \u00fcks tervik. Toetame maaelupoliitikat, mis toob noori peresid maale ning arendab piirkondlikku heaolu, laiendades kodu rajamise toetust \u00fcle Eesti. Eesti julgeoleku \u00fcheks nurgakiviks on toidujulgeolek, mis p\u00f5hineb kodumaisel tootmisel. Toetame p\u00f5llumajanduspoliitikat, mis aitab hoida k\u00f5rgel Eesti toidu kvaliteeti ning toota Eesti toitu keskkonnas\u00e4\u00e4stlikult. Loome tingimused, mis eelistavad [&hellip;]<\/p>\n","protected":false},"author":5,"featured_media":0,"parent":20,"menu_order":9,"comment_status":"closed","ping_status":"closed","template":"","meta":{"_acf_changed":false,"footnotes":""},"class_list":["post-3355","page","type-page","status-publish","hentry"],"acf":[],"yoast_head":"<!-- This site is optimized with the Yoast SEO plugin v27.3 - https:\/\/yoast.com\/product\/yoast-seo-wordpress\/ -->\n<title>Maaelu | Reformierakond | Riigikogu valimised 2023<\/title>\n<meta name=\"description\" content=\"Valides Riigikogu valimistel Reformierakonda on Eesti kindlates k\u00e4tes. Kindlates k\u00e4tes Eesti t\u00e4hendab kindlates k\u00e4tes julgeolekut ja liitlassuhteid, toimetulekut, majandust ja ettev\u00f5tlust, v\u00e4lispoliitikat, tervishoidu ja kvaliteetset eestikeelset haridust.\" \/>\n<meta name=\"robots\" content=\"index, follow, max-snippet:-1, max-image-preview:large, max-video-preview:-1\" \/>\n<link rel=\"canonical\" href=\"https:\/\/reform.ee\/riigikogu-valimised-2023\/valimisprogramm\/maaelu\/\" \/>\n<meta property=\"og:locale\" content=\"en_US\" \/>\n<meta property=\"og:type\" content=\"article\" \/>\n<meta property=\"og:title\" content=\"Maaelu | Reformierakond | Riigikogu valimised 2023\" \/>\n<meta property=\"og:description\" content=\"Valides Riigikogu valimistel Reformierakonda on Eesti kindlates k\u00e4tes. Kindlates k\u00e4tes Eesti t\u00e4hendab kindlates k\u00e4tes julgeolekut ja liitlassuhteid, toimetulekut, majandust ja ettev\u00f5tlust, v\u00e4lispoliitikat, tervishoidu ja kvaliteetset eestikeelset haridust.\" \/>\n<meta property=\"og:url\" content=\"https:\/\/reform.ee\/riigikogu-valimised-2023\/valimisprogramm\/maaelu\/\" \/>\n<meta property=\"og:site_name\" content=\"Riigikogu valimised 2023\" \/>\n<meta property=\"article:publisher\" content=\"https:\/\/www.facebook.com\/reformierakond\" \/>\n<meta property=\"article:modified_time\" content=\"2023-01-17T19:51:24+00:00\" \/>\n<meta property=\"og:image\" content=\"https:\/\/reform.ee\/riigikogu-valimised-2023\/wp-content\/uploads\/2023\/01\/Reformierakond-Kindlates-kates-maaelu.jpg\" \/>\n\t<meta property=\"og:image:width\" content=\"1200\" \/>\n\t<meta property=\"og:image:height\" content=\"630\" \/>\n\t<meta property=\"og:image:type\" content=\"image\/jpeg\" \/>\n<meta name=\"twitter:card\" content=\"summary_large_image\" \/>\n<meta name=\"twitter:image\" content=\"https:\/\/reform.ee\/riigikogu-valimised-2023\/wp-content\/uploads\/2023\/01\/Reformierakond-Kindlates-kates-maaelu.jpg\" \/>\n<meta name=\"twitter:site\" content=\"@reformikad\" \/>\n<meta name=\"twitter:label1\" content=\"Est. reading time\" \/>\n\t<meta name=\"twitter:data1\" content=\"4 minutes\" \/>\n<script type=\"application\/ld+json\" class=\"yoast-schema-graph\">{\"@context\":\"https:\\\/\\\/schema.org\",\"@graph\":[{\"@type\":\"WebPage\",\"@id\":\"https:\\\/\\\/reform.ee\\\/riigikogu-valimised-2023\\\/valimisprogramm\\\/maaelu\\\/\",\"url\":\"https:\\\/\\\/reform.ee\\\/riigikogu-valimised-2023\\\/valimisprogramm\\\/maaelu\\\/\",\"name\":\"Maaelu | Reformierakond | Riigikogu valimised 2023\",\"isPartOf\":{\"@id\":\"https:\\\/\\\/reform.ee\\\/riigikogu-valimised-2023\\\/#website\"},\"primaryImageOfPage\":{\"@id\":\"https:\\\/\\\/reform.ee\\\/riigikogu-valimised-2023\\\/valimisprogramm\\\/maaelu\\\/#primaryimage\"},\"image\":{\"@id\":\"https:\\\/\\\/reform.ee\\\/riigikogu-valimised-2023\\\/valimisprogramm\\\/maaelu\\\/#primaryimage\"},\"thumbnailUrl\":\"https:\\\/\\\/reform.ee\\\/riigikogu-valimised-2023\\\/wp-content\\\/uploads\\\/2023\\\/01\\\/Reformierakond-kindlates-kates-maaelu.png\",\"datePublished\":\"2023-01-10T17:09:06+00:00\",\"dateModified\":\"2023-01-17T19:51:24+00:00\",\"description\":\"Valides Riigikogu valimistel Reformierakonda on Eesti kindlates k\u00e4tes. Kindlates k\u00e4tes Eesti t\u00e4hendab kindlates k\u00e4tes julgeolekut ja liitlassuhteid, toimetulekut, majandust ja ettev\u00f5tlust, v\u00e4lispoliitikat, tervishoidu ja kvaliteetset eestikeelset haridust.\",\"breadcrumb\":{\"@id\":\"https:\\\/\\\/reform.ee\\\/riigikogu-valimised-2023\\\/valimisprogramm\\\/maaelu\\\/#breadcrumb\"},\"inLanguage\":\"en\",\"potentialAction\":[{\"@type\":\"ReadAction\",\"target\":[\"https:\\\/\\\/reform.ee\\\/riigikogu-valimised-2023\\\/valimisprogramm\\\/maaelu\\\/\"]}]},{\"@type\":\"ImageObject\",\"inLanguage\":\"en\",\"@id\":\"https:\\\/\\\/reform.ee\\\/riigikogu-valimised-2023\\\/valimisprogramm\\\/maaelu\\\/#primaryimage\",\"url\":\"https:\\\/\\\/reform.ee\\\/riigikogu-valimised-2023\\\/wp-content\\\/uploads\\\/2023\\\/01\\\/Reformierakond-kindlates-kates-maaelu.png\",\"contentUrl\":\"https:\\\/\\\/reform.ee\\\/riigikogu-valimised-2023\\\/wp-content\\\/uploads\\\/2023\\\/01\\\/Reformierakond-kindlates-kates-maaelu.png\",\"width\":1024,\"height\":461,\"caption\":\"Reformierakond kindlates ka\u0308tes maaelu\"},{\"@type\":\"BreadcrumbList\",\"@id\":\"https:\\\/\\\/reform.ee\\\/riigikogu-valimised-2023\\\/valimisprogramm\\\/maaelu\\\/#breadcrumb\",\"itemListElement\":[{\"@type\":\"ListItem\",\"position\":1,\"name\":\"Home\",\"item\":\"https:\\\/\\\/reform.ee\\\/riigikogu-valimised-2023\\\/\"},{\"@type\":\"ListItem\",\"position\":2,\"name\":\"Riigikogu valimised 2023 programm\",\"item\":\"https:\\\/\\\/reform.ee\\\/riigikogu-valimised-2023\\\/valimisprogramm\\\/\"},{\"@type\":\"ListItem\",\"position\":3,\"name\":\"Maaelu\"}]},{\"@type\":\"WebSite\",\"@id\":\"https:\\\/\\\/reform.ee\\\/riigikogu-valimised-2023\\\/#website\",\"url\":\"https:\\\/\\\/reform.ee\\\/riigikogu-valimised-2023\\\/\",\"name\":\"Riigikogu valimised 2023\",\"description\":\"Reformierakond\",\"potentialAction\":[{\"@type\":\"SearchAction\",\"target\":{\"@type\":\"EntryPoint\",\"urlTemplate\":\"https:\\\/\\\/reform.ee\\\/riigikogu-valimised-2023\\\/?s={search_term_string}\"},\"query-input\":{\"@type\":\"PropertyValueSpecification\",\"valueRequired\":true,\"valueName\":\"search_term_string\"}}],\"inLanguage\":\"en\"}]}<\/script>\n<!-- \/ Yoast SEO plugin. -->","yoast_head_json":{"title":"Maaelu | Reformierakond | Riigikogu valimised 2023","description":"Valides Riigikogu valimistel Reformierakonda on Eesti kindlates k\u00e4tes. Kindlates k\u00e4tes Eesti t\u00e4hendab kindlates k\u00e4tes julgeolekut ja liitlassuhteid, toimetulekut, majandust ja ettev\u00f5tlust, v\u00e4lispoliitikat, tervishoidu ja kvaliteetset eestikeelset haridust.","robots":{"index":"index","follow":"follow","max-snippet":"max-snippet:-1","max-image-preview":"max-image-preview:large","max-video-preview":"max-video-preview:-1"},"canonical":"https:\/\/reform.ee\/riigikogu-valimised-2023\/valimisprogramm\/maaelu\/","og_locale":"en_US","og_type":"article","og_title":"Maaelu | Reformierakond | Riigikogu valimised 2023","og_description":"Valides Riigikogu valimistel Reformierakonda on Eesti kindlates k\u00e4tes. Kindlates k\u00e4tes Eesti t\u00e4hendab kindlates k\u00e4tes julgeolekut ja liitlassuhteid, toimetulekut, majandust ja ettev\u00f5tlust, v\u00e4lispoliitikat, tervishoidu ja kvaliteetset eestikeelset haridust.","og_url":"https:\/\/reform.ee\/riigikogu-valimised-2023\/valimisprogramm\/maaelu\/","og_site_name":"Riigikogu valimised 2023","article_publisher":"https:\/\/www.facebook.com\/reformierakond","article_modified_time":"2023-01-17T19:51:24+00:00","og_image":[{"width":1200,"height":630,"url":"https:\/\/reform.ee\/riigikogu-valimised-2023\/wp-content\/uploads\/2023\/01\/Reformierakond-Kindlates-kates-maaelu.jpg","type":"image\/jpeg"}],"twitter_card":"summary_large_image","twitter_image":"https:\/\/reform.ee\/riigikogu-valimised-2023\/wp-content\/uploads\/2023\/01\/Reformierakond-Kindlates-kates-maaelu.jpg","twitter_site":"@reformikad","twitter_misc":{"Est. reading time":"4 minutes"},"schema":{"@context":"https:\/\/schema.org","@graph":[{"@type":"WebPage","@id":"https:\/\/reform.ee\/riigikogu-valimised-2023\/valimisprogramm\/maaelu\/","url":"https:\/\/reform.ee\/riigikogu-valimised-2023\/valimisprogramm\/maaelu\/","name":"Maaelu | Reformierakond | Riigikogu valimised 2023","isPartOf":{"@id":"https:\/\/reform.ee\/riigikogu-valimised-2023\/#website"},"primaryImageOfPage":{"@id":"https:\/\/reform.ee\/riigikogu-valimised-2023\/valimisprogramm\/maaelu\/#primaryimage"},"image":{"@id":"https:\/\/reform.ee\/riigikogu-valimised-2023\/valimisprogramm\/maaelu\/#primaryimage"},"thumbnailUrl":"https:\/\/reform.ee\/riigikogu-valimised-2023\/wp-content\/uploads\/2023\/01\/Reformierakond-kindlates-kates-maaelu.png","datePublished":"2023-01-10T17:09:06+00:00","dateModified":"2023-01-17T19:51:24+00:00","description":"Valides Riigikogu valimistel Reformierakonda on Eesti kindlates k\u00e4tes. Kindlates k\u00e4tes Eesti t\u00e4hendab kindlates k\u00e4tes julgeolekut ja liitlassuhteid, toimetulekut, majandust ja ettev\u00f5tlust, v\u00e4lispoliitikat, tervishoidu ja kvaliteetset eestikeelset haridust.","breadcrumb":{"@id":"https:\/\/reform.ee\/riigikogu-valimised-2023\/valimisprogramm\/maaelu\/#breadcrumb"},"inLanguage":"en","potentialAction":[{"@type":"ReadAction","target":["https:\/\/reform.ee\/riigikogu-valimised-2023\/valimisprogramm\/maaelu\/"]}]},{"@type":"ImageObject","inLanguage":"en","@id":"https:\/\/reform.ee\/riigikogu-valimised-2023\/valimisprogramm\/maaelu\/#primaryimage","url":"https:\/\/reform.ee\/riigikogu-valimised-2023\/wp-content\/uploads\/2023\/01\/Reformierakond-kindlates-kates-maaelu.png","contentUrl":"https:\/\/reform.ee\/riigikogu-valimised-2023\/wp-content\/uploads\/2023\/01\/Reformierakond-kindlates-kates-maaelu.png","width":1024,"height":461,"caption":"Reformierakond kindlates ka\u0308tes maaelu"},{"@type":"BreadcrumbList","@id":"https:\/\/reform.ee\/riigikogu-valimised-2023\/valimisprogramm\/maaelu\/#breadcrumb","itemListElement":[{"@type":"ListItem","position":1,"name":"Home","item":"https:\/\/reform.ee\/riigikogu-valimised-2023\/"},{"@type":"ListItem","position":2,"name":"Riigikogu valimised 2023 programm","item":"https:\/\/reform.ee\/riigikogu-valimised-2023\/valimisprogramm\/"},{"@type":"ListItem","position":3,"name":"Maaelu"}]},{"@type":"WebSite","@id":"https:\/\/reform.ee\/riigikogu-valimised-2023\/#website","url":"https:\/\/reform.ee\/riigikogu-valimised-2023\/","name":"Riigikogu valimised 2023","description":"Reformierakond","potentialAction":[{"@type":"SearchAction","target":{"@type":"EntryPoint","urlTemplate":"https:\/\/reform.ee\/riigikogu-valimised-2023\/?s={search_term_string}"},"query-input":{"@type":"PropertyValueSpecification","valueRequired":true,"valueName":"search_term_string"}}],"inLanguage":"en"}]}},"_links":{"self":[{"href":"https:\/\/reform.ee\/riigikogu-valimised-2023\/wp-json\/wp\/v2\/pages\/3355","targetHints":{"allow":["GET"]}}],"collection":[{"href":"https:\/\/reform.ee\/riigikogu-valimised-2023\/wp-json\/wp\/v2\/pages"}],"about":[{"href":"https:\/\/reform.ee\/riigikogu-valimised-2023\/wp-json\/wp\/v2\/types\/page"}],"author":[{"embeddable":true,"href":"https:\/\/reform.ee\/riigikogu-valimised-2023\/wp-json\/wp\/v2\/users\/5"}],"replies":[{"embeddable":true,"href":"https:\/\/reform.ee\/riigikogu-valimised-2023\/wp-json\/wp\/v2\/comments?post=3355"}],"version-history":[{"count":3,"href":"https:\/\/reform.ee\/riigikogu-valimised-2023\/wp-json\/wp\/v2\/pages\/3355\/revisions"}],"predecessor-version":[{"id":3647,"href":"https:\/\/reform.ee\/riigikogu-valimised-2023\/wp-json\/wp\/v2\/pages\/3355\/revisions\/3647"}],"up":[{"embeddable":true,"href":"https:\/\/reform.ee\/riigikogu-valimised-2023\/wp-json\/wp\/v2\/pages\/20"}],"wp:attachment":[{"href":"https:\/\/reform.ee\/riigikogu-valimised-2023\/wp-json\/wp\/v2\/media?parent=3355"}],"curies":[{"name":"wp","href":"https:\/\/api.w.org\/{rel}","templated":true}]}}