{"id":30088,"date":"2025-06-08T06:32:20","date_gmt":"2025-06-08T03:32:20","guid":{"rendered":"https:\/\/reform.ee\/kohaliku-omavalitsuse-volikogu-valimised-2025\/?page_id=30088"},"modified":"2025-09-29T14:02:14","modified_gmt":"2025-09-29T11:02:14","slug":"parem-plaan-sinu-kodukohale","status":"publish","type":"page","link":"https:\/\/reform.ee\/kohaliku-omavalitsuse-volikogu-valimised-2025\/parem-plaan-sinu-kodukohale\/","title":{"rendered":"Parem plaan Sinu kodukohale"},"content":{"rendered":"\n<figure class=\"wp-block-embed is-type-video is-provider-vimeo wp-block-embed-vimeo wp-embed-aspect-16-9 wp-has-aspect-ratio\"><div class=\"wp-block-embed__wrapper\">\n<iframe loading=\"lazy\" title=\"Parem Eesti eest - piirkonnad\" src=\"https:\/\/player.vimeo.com\/video\/1121817095?h=b93dc7df98&amp;dnt=1&amp;app_id=122963\" width=\"500\" height=\"281\" frameborder=\"0\" allow=\"autoplay; fullscreen; picture-in-picture; clipboard-write; encrypted-media; web-share\" referrerpolicy=\"strict-origin-when-cross-origin\"><\/iframe>\n<\/div><\/figure>\n\n\n\n<p>Praeguses keerukas maailmas ei otsi inimesed pudrum\u00e4gesid, vaid selgeid otsuseid, konkreetsust ja kindlustunnet. Veendumust, et meie julgeolek on kindel, majandus tugev ja inimesed hoitud.<\/p>\n\n\n\n<p>Reformierakond m\u00f5istab seda. Oleme aastate v\u00e4ltel Eestit keerulistel aegadel juhtinud ning teinud m\u00e4rgilisi otsuseid, mis on viinud meie riiki ja rahvast kindlalt edasi. Meil on pikk kogemus kriiside \u00fcletamisel, tugev meeskond ja julgus otsustada. Me ei m\u00fc\u00fc t\u00e4itumatuid unistusi. Ka n\u00fc\u00fcd on meil parem plaan, kuidas kriisidest v\u00e4lja tulla, nii et Sinu ja kogu Eesti tulevik oleks parem.<\/p>\n\n\n\n<p>Me seisame kindlalt Sinu kui kodaniku vabaduste, ettev\u00f5tlusvabaduse ja meie riigi vabaduse eest. Me viime ellu reforme, mis muudavad Eesti paremaks ja kaitstumaks. Me ei karda v\u00f5tta valitsusvastutust ega teha raskeid, aga vajalikke otsuseid. Ikka selle nimel, et Eesti tulevik oleks parem. Meie eesm\u00e4rk on, et Eestist saaks k\u00f5ige turvalisem Euroopa riik, kus elada, pere kasvatada ja ettev\u00f5tlusega tegeleda. Ja et meie inimesed saaksid tagasi kindlustunde homse ees.<\/p>\n\n\n\n<p>Jah, eestlane on harjunud muretsema. Aga need mured v\u00f5iksid olla taas tavap\u00e4rased: mida kinkida vanaemale juubeliks, milline huviring lapsele valida, milline grill koduhoovi osta. Eestit ja Sinu kodupaika puudutavate suurte murede eest kanname hoolt meie.<\/p>\n\n\n\n<p>Me teeme t\u00f6\u00f6d, et Sa saaksid hommikuti \u00e4rgates kindlalt tunda, et kodukandi elu on parem ja kriiside eest kaitstum \u2013 olgu see siis Tallinnas, Tartus, P\u00e4rnus v\u00f5i Viljandis, P\u00f5ltsamaal v\u00f5i V\u00e4ike-Maarjas \u2013 k\u00f5ikjal Eestimaal. Me t\u00f6\u00f6tame parema julgeoleku, parema majanduse ja parema heaolu nimel \u2013 et Sina saaksid turvaliselt keskenduda igap\u00e4evasele elule ning oma pere tulevikule.<\/p>\n\n\n\n<p>Meie unistus on parem tulevik. Meie eesm\u00e4rk on parem Eesti. Selle nimel Reformierakond t\u00f6\u00f6tabki \u2013 parema Eesti eest.<\/p>\n\n\n\n<figure class=\"wp-block-embed is-type-video is-provider-vimeo wp-block-embed-vimeo\"><div class=\"wp-block-embed__wrapper\">\n<iframe loading=\"lazy\" src=\"https:\/\/player.vimeo.com\/video\/1091473100?h=6f800f3344&amp;dnt=1&amp;app_id=122963\" width=\"500\" height=\"281\" frameborder=\"0\" allow=\"autoplay; fullscreen; picture-in-picture; clipboard-write; encrypted-media\"><\/iframe>\n<\/div><\/figure>\n","protected":false},"excerpt":{"rendered":"<p>Praeguses keerukas maailmas ei otsi inimesed pudrum\u00e4gesid, vaid selgeid otsuseid, konkreetsust ja kindlustunnet. Veendumust, et meie julgeolek on kindel, majandus tugev ja inimesed hoitud. Reformierakond m\u00f5istab seda. Oleme aastate v\u00e4ltel Eestit keerulistel aegadel juhtinud ning<\/p>\n","protected":false},"author":5,"featured_media":0,"parent":0,"menu_order":0,"comment_status":"closed","ping_status":"closed","template":"","meta":{"_acf_changed":false,"footnotes":""},"class_list":["post-30088","page","type-page","status-publish","hentry"],"acf":[],"yoast_head":"<!-- This site is optimized with the Yoast SEO plugin v27.3 - https:\/\/yoast.com\/product\/yoast-seo-wordpress\/ -->\n<title>Parem plaan Sinu kodukohale | KOV valimised 2025<\/title>\n<meta name=\"description\" content=\"Parema Eesti eest! Me t\u00f6\u00f6tame parema julgeoleku, parema majanduse ja parema heaolu nimel \u2013 et Sina saaksid keskenduda argielule ja oma pere tulevikule.\" \/>\n<meta name=\"robots\" content=\"index, follow, max-snippet:-1, max-image-preview:large, max-video-preview:-1\" \/>\n<link rel=\"canonical\" href=\"https:\/\/reform.ee\/kohaliku-omavalitsuse-volikogu-valimised-2025\/wp-json\/wp\/v2\/pages\/30088\" \/>\n<meta property=\"og:locale\" content=\"en_US\" \/>\n<meta property=\"og:type\" content=\"article\" \/>\n<meta property=\"og:title\" content=\"Parem plaan Sinu kodukohale | KOV valimised 2025\" \/>\n<meta property=\"og:description\" content=\"Parema Eesti eest! Me t\u00f6\u00f6tame parema julgeoleku, parema majanduse ja parema heaolu nimel \u2013 et Sina saaksid keskenduda argielule ja oma pere tulevikule.\" \/>\n<meta property=\"og:url\" content=\"https:\/\/reform.ee\/kohaliku-omavalitsuse-volikogu-valimised-2025\/parem-plaan-sinu-kodukohale\/\" \/>\n<meta property=\"og:site_name\" content=\"KOV valimised 2025\" \/>\n<meta property=\"article:publisher\" content=\"https:\/\/www.facebook.com\/reformierakond\" \/>\n<meta property=\"article:modified_time\" content=\"2025-09-29T11:02:14+00:00\" \/>\n<meta property=\"og:image\" content=\"https:\/\/reform.ee\/kohaliku-omavalitsuse-volikogu-valimised-2025\/wp-content\/uploads\/2025\/08\/Parema-Eesti-Eest-kov25.png\" \/>\n\t<meta property=\"og:image:width\" content=\"1200\" \/>\n\t<meta property=\"og:image:height\" content=\"630\" \/>\n\t<meta property=\"og:image:type\" content=\"image\/png\" \/>\n<meta name=\"twitter:card\" content=\"summary_large_image\" \/>\n<meta name=\"twitter:label1\" content=\"Est. reading time\" \/>\n\t<meta name=\"twitter:data1\" content=\"2 minutes\" \/>\n<script type=\"application\/ld+json\" class=\"yoast-schema-graph\">{\"@context\":\"https:\\\/\\\/schema.org\",\"@graph\":[{\"@type\":\"WebPage\",\"@id\":\"https:\\\/\\\/reform.ee\\\/kohaliku-omavalitsuse-volikogu-valimised-2025\\\/parem-plaan-sinu-kodukohale\\\/\",\"url\":\"https:\\\/\\\/reform.ee\\\/kohaliku-omavalitsuse-volikogu-valimised-2025\\\/parem-plaan-sinu-kodukohale\\\/\",\"name\":\"Parem plaan Sinu kodukohale | KOV valimised 2025\",\"isPartOf\":{\"@id\":\"https:\\\/\\\/reform.ee\\\/kohaliku-omavalitsuse-volikogu-valimised-2025\\\/#website\"},\"datePublished\":\"2025-06-08T03:32:20+00:00\",\"dateModified\":\"2025-09-29T11:02:14+00:00\",\"description\":\"Parema Eesti eest! Me t\u00f6\u00f6tame parema julgeoleku, parema majanduse ja parema heaolu nimel \u2013 et Sina saaksid keskenduda argielule ja oma pere tulevikule.\",\"breadcrumb\":{\"@id\":\"https:\\\/\\\/reform.ee\\\/kohaliku-omavalitsuse-volikogu-valimised-2025\\\/parem-plaan-sinu-kodukohale\\\/#breadcrumb\"},\"inLanguage\":\"en-US\",\"potentialAction\":[{\"@type\":\"ReadAction\",\"target\":[\"https:\\\/\\\/reform.ee\\\/kohaliku-omavalitsuse-volikogu-valimised-2025\\\/parem-plaan-sinu-kodukohale\\\/\"]}]},{\"@type\":\"BreadcrumbList\",\"@id\":\"https:\\\/\\\/reform.ee\\\/kohaliku-omavalitsuse-volikogu-valimised-2025\\\/parem-plaan-sinu-kodukohale\\\/#breadcrumb\",\"itemListElement\":[{\"@type\":\"ListItem\",\"position\":1,\"name\":\"Home\",\"item\":\"https:\\\/\\\/reform.ee\\\/kohaliku-omavalitsuse-volikogu-valimised-2025\\\/\"},{\"@type\":\"ListItem\",\"position\":2,\"name\":\"Parem plaan Sinu kodukohale\"}]},{\"@type\":\"WebSite\",\"@id\":\"https:\\\/\\\/reform.ee\\\/kohaliku-omavalitsuse-volikogu-valimised-2025\\\/#website\",\"url\":\"https:\\\/\\\/reform.ee\\\/kohaliku-omavalitsuse-volikogu-valimised-2025\\\/\",\"name\":\"KOV valimised 2025\",\"description\":\"Reformierakond\",\"potentialAction\":[{\"@type\":\"SearchAction\",\"target\":{\"@type\":\"EntryPoint\",\"urlTemplate\":\"https:\\\/\\\/reform.ee\\\/kohaliku-omavalitsuse-volikogu-valimised-2025\\\/?s={search_term_string}\"},\"query-input\":{\"@type\":\"PropertyValueSpecification\",\"valueRequired\":true,\"valueName\":\"search_term_string\"}}],\"inLanguage\":\"en-US\"}]}<\/script>\n<!-- \/ Yoast SEO plugin. -->","yoast_head_json":{"title":"Parem plaan Sinu kodukohale | KOV valimised 2025","description":"Parema Eesti eest! Me t\u00f6\u00f6tame parema julgeoleku, parema majanduse ja parema heaolu nimel \u2013 et Sina saaksid keskenduda argielule ja oma pere tulevikule.","robots":{"index":"index","follow":"follow","max-snippet":"max-snippet:-1","max-image-preview":"max-image-preview:large","max-video-preview":"max-video-preview:-1"},"canonical":"https:\/\/reform.ee\/kohaliku-omavalitsuse-volikogu-valimised-2025\/wp-json\/wp\/v2\/pages\/30088","og_locale":"en_US","og_type":"article","og_title":"Parem plaan Sinu kodukohale | KOV valimised 2025","og_description":"Parema Eesti eest! Me t\u00f6\u00f6tame parema julgeoleku, parema majanduse ja parema heaolu nimel \u2013 et Sina saaksid keskenduda argielule ja oma pere tulevikule.","og_url":"https:\/\/reform.ee\/kohaliku-omavalitsuse-volikogu-valimised-2025\/parem-plaan-sinu-kodukohale\/","og_site_name":"KOV valimised 2025","article_publisher":"https:\/\/www.facebook.com\/reformierakond","article_modified_time":"2025-09-29T11:02:14+00:00","og_image":[{"width":1200,"height":630,"url":"https:\/\/reform.ee\/kohaliku-omavalitsuse-volikogu-valimised-2025\/wp-content\/uploads\/2025\/08\/Parema-Eesti-Eest-kov25.png","type":"image\/png"}],"twitter_card":"summary_large_image","twitter_misc":{"Est. reading time":"2 minutes"},"schema":{"@context":"https:\/\/schema.org","@graph":[{"@type":"WebPage","@id":"https:\/\/reform.ee\/kohaliku-omavalitsuse-volikogu-valimised-2025\/parem-plaan-sinu-kodukohale\/","url":"https:\/\/reform.ee\/kohaliku-omavalitsuse-volikogu-valimised-2025\/parem-plaan-sinu-kodukohale\/","name":"Parem plaan Sinu kodukohale | KOV valimised 2025","isPartOf":{"@id":"https:\/\/reform.ee\/kohaliku-omavalitsuse-volikogu-valimised-2025\/#website"},"datePublished":"2025-06-08T03:32:20+00:00","dateModified":"2025-09-29T11:02:14+00:00","description":"Parema Eesti eest! Me t\u00f6\u00f6tame parema julgeoleku, parema majanduse ja parema heaolu nimel \u2013 et Sina saaksid keskenduda argielule ja oma pere tulevikule.","breadcrumb":{"@id":"https:\/\/reform.ee\/kohaliku-omavalitsuse-volikogu-valimised-2025\/parem-plaan-sinu-kodukohale\/#breadcrumb"},"inLanguage":"en-US","potentialAction":[{"@type":"ReadAction","target":["https:\/\/reform.ee\/kohaliku-omavalitsuse-volikogu-valimised-2025\/parem-plaan-sinu-kodukohale\/"]}]},{"@type":"BreadcrumbList","@id":"https:\/\/reform.ee\/kohaliku-omavalitsuse-volikogu-valimised-2025\/parem-plaan-sinu-kodukohale\/#breadcrumb","itemListElement":[{"@type":"ListItem","position":1,"name":"Home","item":"https:\/\/reform.ee\/kohaliku-omavalitsuse-volikogu-valimised-2025\/"},{"@type":"ListItem","position":2,"name":"Parem plaan Sinu kodukohale"}]},{"@type":"WebSite","@id":"https:\/\/reform.ee\/kohaliku-omavalitsuse-volikogu-valimised-2025\/#website","url":"https:\/\/reform.ee\/kohaliku-omavalitsuse-volikogu-valimised-2025\/","name":"KOV valimised 2025","description":"Reformierakond","potentialAction":[{"@type":"SearchAction","target":{"@type":"EntryPoint","urlTemplate":"https:\/\/reform.ee\/kohaliku-omavalitsuse-volikogu-valimised-2025\/?s={search_term_string}"},"query-input":{"@type":"PropertyValueSpecification","valueRequired":true,"valueName":"search_term_string"}}],"inLanguage":"en-US"}]}},"_links":{"self":[{"href":"https:\/\/reform.ee\/kohaliku-omavalitsuse-volikogu-valimised-2025\/wp-json\/wp\/v2\/pages\/30088","targetHints":{"allow":["GET"]}}],"collection":[{"href":"https:\/\/reform.ee\/kohaliku-omavalitsuse-volikogu-valimised-2025\/wp-json\/wp\/v2\/pages"}],"about":[{"href":"https:\/\/reform.ee\/kohaliku-omavalitsuse-volikogu-valimised-2025\/wp-json\/wp\/v2\/types\/page"}],"author":[{"embeddable":true,"href":"https:\/\/reform.ee\/kohaliku-omavalitsuse-volikogu-valimised-2025\/wp-json\/wp\/v2\/users\/5"}],"replies":[{"embeddable":true,"href":"https:\/\/reform.ee\/kohaliku-omavalitsuse-volikogu-valimised-2025\/wp-json\/wp\/v2\/comments?post=30088"}],"version-history":[{"count":5,"href":"https:\/\/reform.ee\/kohaliku-omavalitsuse-volikogu-valimised-2025\/wp-json\/wp\/v2\/pages\/30088\/revisions"}],"predecessor-version":[{"id":36628,"href":"https:\/\/reform.ee\/kohaliku-omavalitsuse-volikogu-valimised-2025\/wp-json\/wp\/v2\/pages\/30088\/revisions\/36628"}],"wp:attachment":[{"href":"https:\/\/reform.ee\/kohaliku-omavalitsuse-volikogu-valimised-2025\/wp-json\/wp\/v2\/media?parent=30088"}],"curies":[{"name":"wp","href":"https:\/\/api.w.org\/{rel}","templated":true}]}}