{"id":2521,"date":"2025-01-31T13:14:35","date_gmt":"2025-01-31T11:14:35","guid":{"rendered":"https:\/\/reform.ee\/kohaliku-omavalitsuse-volikogu-valimised-2025\/?page_id=2521"},"modified":"2025-10-19T20:39:08","modified_gmt":"2025-10-19T17:39:08","slug":"valimised","status":"publish","type":"page","link":"https:\/\/reform.ee\/kohaliku-omavalitsuse-volikogu-valimised-2025\/valimised\/","title":{"rendered":"Kohaliku omavalitsuse volikogu valimised 2025"},"content":{"rendered":"\n<p><strong>Kohaliku omavalitsuse volikogu valimisn\u00e4dal on 13. oktoobrist 19. oktoobrini 2025.<br><\/strong><\/p>\n\n\n\n<h2 class=\"wp-block-heading\">H\u00e4\u00e4letus on l\u00f5ppenud<\/h2>\n\n\n\n<figure class=\"wp-block-image size-large\"><a href=\"https:\/\/valimised.ee\" target=\"_blank\" rel=\" noreferrer noopener\"><img loading=\"lazy\" decoding=\"async\" width=\"1024\" height=\"373\" src=\"https:\/\/reform.ee\/kohaliku-omavalitsuse-volikogu-valimised-2025\/wp-content\/uploads\/2025\/10\/kov-valimised-info-1-1024x373.png\" alt=\"\" class=\"wp-image-36700\" srcset=\"https:\/\/reform.ee\/kohaliku-omavalitsuse-volikogu-valimised-2025\/wp-content\/uploads\/2025\/10\/kov-valimised-info-1-1024x373.png 1024w, https:\/\/reform.ee\/kohaliku-omavalitsuse-volikogu-valimised-2025\/wp-content\/uploads\/2025\/10\/kov-valimised-info-1-300x109.png 300w, https:\/\/reform.ee\/kohaliku-omavalitsuse-volikogu-valimised-2025\/wp-content\/uploads\/2025\/10\/kov-valimised-info-1-768x280.png 768w, https:\/\/reform.ee\/kohaliku-omavalitsuse-volikogu-valimised-2025\/wp-content\/uploads\/2025\/10\/kov-valimised-info-1-1536x560.png 1536w, https:\/\/reform.ee\/kohaliku-omavalitsuse-volikogu-valimised-2025\/wp-content\/uploads\/2025\/10\/kov-valimised-info-1.png 1920w\" sizes=\"auto, (max-width: 1024px) 100vw, 1024px\" \/><\/a><\/figure>\n\n\n\n<h3 class=\"wp-block-heading\">Valimisp\u00e4ev, 19. oktoober<\/h3>\n\n\n\n<p>H\u00e4\u00e4letamine toimub elukohaj\u00e4rgsetes <a href=\"https:\/\/kov2025.valimised.ee\/et\/polling-stations\">valimisjaoskondades<\/a> kell 9.00 \u2013 20.00. Toimub ka kodus (valija asukohas) h\u00e4\u00e4letamine. Elektoonilist h\u00e4\u00e4letamist ei toimu.<\/p>\n\n\n\n<p><strong>Valimisjaoskonnad leiad:<\/strong> <a href=\"https:\/\/kov2025.valimised.ee\/et\/polling-stations\">https:\/\/kov2025.valimised.ee\/et\/polling-stations<\/a><\/p>\n\n\n\n<h3 class=\"wp-block-heading\">Elektrooniline h\u00e4\u00e4letamine on l\u00f5ppenud<\/h3>\n\n\n\n<p><strong>Elektrooniliseks h\u00e4\u00e4letamiseks vajad:<\/strong><\/p>\n\n\n\n<ul class=\"wp-block-list\">\n<li>interneti\u00fchendusega&nbsp;<strong>arvutit<\/strong>;<\/li>\n\n\n\n<li><strong>Smart-ID-d<\/strong>&nbsp;(PIN1 ja PIN2 koodid);<\/li>\n\n\n\n<li>v\u00f5i&nbsp;<strong>Mobiil-ID-d<\/strong>&nbsp;(PIN1 ja PIN2 koodid);<\/li>\n\n\n\n<li>v\u00f5i&nbsp;<strong>ID-kaarti ja lugejat<\/strong>&nbsp;(PIN1 ja PIN2 koodid).<\/li>\n<\/ul>\n\n\n\n<p><a href=\"https:\/\/valimised.ee\/\" rel=\"noreferrer noopener\" target=\"_blank\"><u>Elektrooniline h\u00e4\u00e4letamine<\/u><\/a>, ehk e-h\u00e4\u00e4letamine toimub&nbsp;<strong>13. oktoober kell 9.00 \u2013 18. oktoober kell 20.00 \u00f6\u00f6p\u00e4evaringselt&nbsp;<\/strong>aadressil:&nbsp;<a href=\"https:\/\/valimised.ee\/\" rel=\"noreferrer noopener\" target=\"_blank\"><u>https:\/\/valimised.ee<\/u><\/a>.<\/p>\n\n\n\n<div style=\"height:20px\" aria-hidden=\"true\" class=\"wp-block-spacer\"><\/div>\n\n\n\n<h3 class=\"wp-block-heading\">Eelh\u00e4\u00e4letamine on l\u00f5ppenud<\/h3>\n\n\n\n<p><strong>13. oktoober kuni 16. oktoober<\/strong> toimub eelh\u00e4\u00e4letamine v\u00e4hemalt \u00fches igas vallas ja linnas m\u00e4\u00e4ratud valimisjaoskonnas <strong>kell 12.00 \u2013 20.00<\/strong>.&nbsp; Toimub ka v\u00e4ljaspool elukohaj\u00e4rgset valimisringkonda h\u00e4\u00e4letamine ning h\u00e4\u00e4letamine valija asukohas (kodus), kinnipidamiskohas, haiglas ja \u00f6\u00f6p\u00e4evases hoolekandeasutuses. T\u00e4psem info&nbsp;<a href=\"https:\/\/valimised.ee\/\" target=\"_blank\" rel=\"noreferrer noopener\"><u>https:\/\/valimised.ee<\/u><\/a>. Valimisjaoskonnad leiad: <a href=\"https:\/\/kov2025.valimised.ee\/et\/polling-stations\">https:\/\/kov2025.valimised.ee\/et\/polling-stations<\/a><\/p>\n\n\n\n<p><strong>17. oktoober kuni 18. oktoober<\/strong> toimub eelh\u00e4\u00e4letamine k\u00f5igis elukohaj\u00e4rgsetes valimisjaoskondades <strong>kell 12.00 \u2013 20.00<\/strong>.<\/p>\n\n\n\n<h3 class=\"wp-block-heading\"><\/h3>\n\n\n\n<p>H\u00e4\u00e4lte lugemist alustatakse p\u00e4rast h\u00e4\u00e4letamise l\u00f5ppemist Eestis.<\/p>\n\n\n\n<div class=\"rf-big-cta\">\n    <div class=\"flex flex-col lg:flex-row lg:justify-center lg:items-center p-10 lg:p-16 gap-10 lg:gap-16 self-stretch bg-brand-yellow\">\n                    <div class=\"text-brand-dark text-2xl lg:text-[2rem] leading-[1.1] font-extrabold w-auto mx-auto\">\n                <p><a href=\"https:\/\/reform.ee\/kohaliku-omavalitsuse-volikogu-valimised-2025\/\">Leia oma kodukoha kandidaadid<\/a><\/p>\n            <\/div>\n        \n            <\/div>\n<\/div>\n\n\n<p><\/p>\n\n\n\n<p><\/p>\n\n\n\n<h3 class=\"wp-block-heading\">Kohaliku omavalitsuse volikogu valimisn\u00e4dal on 13. oktoobrist 19. oktoobrini 2025.<\/h3>\n\n\n\n<div style=\"height:20px\" aria-hidden=\"true\" class=\"wp-block-spacer\"><\/div>\n\n\n\n<p><a href=\"https:\/\/reform.ee\/kohaliku-omavalitsuse-volikogu-valimised-2025\/\">Kohaliku omavalitsuse volikogu valimised<\/a> toimuvad kohaliku omavalitsuse volikogu valimise seaduse alusel. Valla v\u00f5i linna elanike poolt neljaks aastaks valitav esinduskogu ehk volikogu korraldab kohaliku elu k\u00fcsimusi ja kinnitab ametisse t\u00e4itevorgani ehk valla-v\u00f5i linnavalitsuse.<\/p>\n\n\n\n<p id=\"block-78d7f23f-c473-4fd3-9037-78312355ce01\">Valimistel v\u00f5ivad osaleda nii erakonnad, valimisliidud kui \u00fcksikkandidaadid. Kandideerimis\u00f5igus on igal h\u00e4\u00e4le\u00f5iguslikul Eesti kodanikul ja Euroopa Liidu kodanikul, kes on kandidaatide registreerimise viimaseks p\u00e4evaks saanud 18-aastaseks ja kelle p\u00fcsiv elukoht asub hiljemalt valimisaasta 1. augustil vastavas vallas v\u00f5i linnas. Volikogu liikmeks ei v\u00f5i kandideerida tegevv\u00e4elane ega isik, kes on kohtu poolt s\u00fc\u00fcdi m\u00f5istetud kuriteos ja kannab vanglakaristust. Valimisliidu v\u00f5ib kohaliku omavalitsuse volikogu valimisteks moodustada v\u00e4hemalt kaks h\u00e4\u00e4le\u00f5iguslikku Eesti v\u00f5i Euroopa Liidu kodanikku. Selleks tuleb esitada seltsinguleping ning valimisliidu registreerimisavaldus valla v\u00f5i linna valimiskomisjonile.<\/p>\n\n\n\n<p id=\"block-1adefa08-1e5a-4de6-8c4d-17c6e50b7e26\">H\u00e4\u00e4letamis\u00f5igus on v\u00e4hemalt 16-aastastel valijatel, kelle rahvastikuregistrisse kantud elukoht asub vastavas vallas v\u00f5i linnas. Hetkel kehtiva kohaliku omavalitsuse volikogu valimise seaduse kohaselt on lisaks Eesti kodanikele h\u00e4\u00e4letamis\u00f5igus Euroopa Liidu kodanikel ja Eestis pikaajalise elaniku elamisloa v\u00f5i alalise elamis\u00f5iguse alusel elavatel v\u00e4lismaalastel.&nbsp;Valitava volikogu suurus varieerub olenevalt valla v\u00f5i linna elanike arvust.<\/p>\n\n\n\n<p id=\"block-5a304982-47f3-4c5a-93f3-da8f45e1ddc6\"><a href=\"https:\/\/reform.ee\/kohaliku-omavalitsuse-volikogu-valimised-2025\/\">Kohaliku omavalitsuse volikogu valimistel<\/a> tuleb kandidaadi v\u00f5i kandidaatide \u00fclesseadmiseks esitada n\u00f5utavad kandideerimisdokumendid valla v\u00f5i linna valimiskomisjonile. Iga kandidaat peab esitama kandideerimisavalduse. Kandideerimisdokumentide n\u00e4idised valmistab ette riigi valimisteenistus ja need avaldatakse ka valimiste veebilehel.<\/p>\n\n\n\n<p id=\"block-2227aa31-9531-4eb6-947e-d5b3baad97fe\">Vallas v\u00f5i linnas v\u00f5ib olla moodustatud \u00fcks v\u00f5i mitu valimisringkonda. H\u00e4\u00e4letamistulemuste alusel teeb valla v\u00f5i linna valimiskomisjon kindlaks valimistulemused igas valimisringkonnas eraldi. Tallinnas on kolmeastmeline valimistulemuste kindlakstegemise s\u00fcsteem ja l\u00f5plikud valimistulemused tehakse kindlaks \u00fclelinnaliselt kompensatsioonimandaatidena.<\/p>\n","protected":false},"excerpt":{"rendered":"<p>Kohaliku omavalitsuse volikogu valimisn\u00e4dal on 13. oktoobrist 19. oktoobrini 2025. H\u00e4\u00e4letus on l\u00f5ppenud Valimisp\u00e4ev, 19. oktoober H\u00e4\u00e4letamine toimub elukohaj\u00e4rgsetes valimisjaoskondades kell 9.00 \u2013 20.00. Toimub ka kodus (valija asukohas) h\u00e4\u00e4letamine. Elektoonilist h\u00e4\u00e4letamist ei toimu. Valimisjaoskonnad<\/p>\n","protected":false},"author":5,"featured_media":0,"parent":0,"menu_order":0,"comment_status":"closed","ping_status":"closed","template":"","meta":{"_acf_changed":false,"footnotes":""},"class_list":["post-2521","page","type-page","status-publish","hentry"],"acf":[],"yoast_head":"<!-- This site is optimized with the Yoast SEO plugin v27.3 - https:\/\/yoast.com\/product\/yoast-seo-wordpress\/ -->\n<title>Kohaliku omavalitsuse volikogu valimised 2025 | KOV valimised 2025<\/title>\n<meta name=\"description\" content=\"Kohaliku omavalitsuse volikogu valimisn\u00e4dal on 13. oktoobrist 19. oktoobrini 2025.\" \/>\n<meta name=\"robots\" content=\"index, follow, max-snippet:-1, max-image-preview:large, max-video-preview:-1\" \/>\n<link rel=\"canonical\" href=\"https:\/\/reform.ee\/kohaliku-omavalitsuse-volikogu-valimised-2025\/wp-json\/wp\/v2\/pages\/2521\" \/>\n<meta property=\"og:locale\" content=\"en_US\" \/>\n<meta property=\"og:type\" content=\"article\" \/>\n<meta property=\"og:title\" content=\"Kohaliku omavalitsuse volikogu valimised 2025 | KOV valimised 2025\" \/>\n<meta property=\"og:description\" content=\"Kohaliku omavalitsuse volikogu valimisn\u00e4dal on 13. oktoobrist 19. oktoobrini 2025.\" \/>\n<meta property=\"og:url\" content=\"https:\/\/reform.ee\/kohaliku-omavalitsuse-volikogu-valimised-2025\/valimised\/\" \/>\n<meta property=\"og:site_name\" content=\"KOV valimised 2025\" \/>\n<meta property=\"article:publisher\" content=\"https:\/\/www.facebook.com\/reformierakond\" \/>\n<meta property=\"article:modified_time\" content=\"2025-10-19T17:39:08+00:00\" \/>\n<meta property=\"og:image\" content=\"https:\/\/reform.ee\/kohaliku-omavalitsuse-volikogu-valimised-2025\/wp-content\/uploads\/2025\/08\/Parema-Eesti-Eest-kov25.png\" \/>\n\t<meta property=\"og:image:width\" content=\"1200\" \/>\n\t<meta property=\"og:image:height\" content=\"630\" \/>\n\t<meta property=\"og:image:type\" content=\"image\/png\" \/>\n<meta name=\"twitter:card\" content=\"summary_large_image\" \/>\n<meta name=\"twitter:label1\" content=\"Est. reading time\" \/>\n\t<meta name=\"twitter:data1\" content=\"2 minutes\" \/>\n<script type=\"application\/ld+json\" class=\"yoast-schema-graph\">{\"@context\":\"https:\\\/\\\/schema.org\",\"@graph\":[{\"@type\":\"WebPage\",\"@id\":\"https:\\\/\\\/reform.ee\\\/kohaliku-omavalitsuse-volikogu-valimised-2025\\\/valimised\\\/\",\"url\":\"https:\\\/\\\/reform.ee\\\/kohaliku-omavalitsuse-volikogu-valimised-2025\\\/valimised\\\/\",\"name\":\"Kohaliku omavalitsuse volikogu valimised 2025 | KOV valimised 2025\",\"isPartOf\":{\"@id\":\"https:\\\/\\\/reform.ee\\\/kohaliku-omavalitsuse-volikogu-valimised-2025\\\/#website\"},\"primaryImageOfPage\":{\"@id\":\"https:\\\/\\\/reform.ee\\\/kohaliku-omavalitsuse-volikogu-valimised-2025\\\/valimised\\\/#primaryimage\"},\"image\":{\"@id\":\"https:\\\/\\\/reform.ee\\\/kohaliku-omavalitsuse-volikogu-valimised-2025\\\/valimised\\\/#primaryimage\"},\"thumbnailUrl\":\"https:\\\/\\\/reform.ee\\\/kohaliku-omavalitsuse-volikogu-valimised-2025\\\/wp-content\\\/uploads\\\/2025\\\/10\\\/kov-valimised-info-1-1024x373.png\",\"datePublished\":\"2025-01-31T11:14:35+00:00\",\"dateModified\":\"2025-10-19T17:39:08+00:00\",\"description\":\"Kohaliku omavalitsuse volikogu valimisn\u00e4dal on 13. oktoobrist 19. oktoobrini 2025.\",\"breadcrumb\":{\"@id\":\"https:\\\/\\\/reform.ee\\\/kohaliku-omavalitsuse-volikogu-valimised-2025\\\/valimised\\\/#breadcrumb\"},\"inLanguage\":\"en-US\",\"potentialAction\":[{\"@type\":\"ReadAction\",\"target\":[\"https:\\\/\\\/reform.ee\\\/kohaliku-omavalitsuse-volikogu-valimised-2025\\\/valimised\\\/\"]}]},{\"@type\":\"ImageObject\",\"inLanguage\":\"en-US\",\"@id\":\"https:\\\/\\\/reform.ee\\\/kohaliku-omavalitsuse-volikogu-valimised-2025\\\/valimised\\\/#primaryimage\",\"url\":\"https:\\\/\\\/reform.ee\\\/kohaliku-omavalitsuse-volikogu-valimised-2025\\\/wp-content\\\/uploads\\\/2025\\\/10\\\/kov-valimised-info-1.png\",\"contentUrl\":\"https:\\\/\\\/reform.ee\\\/kohaliku-omavalitsuse-volikogu-valimised-2025\\\/wp-content\\\/uploads\\\/2025\\\/10\\\/kov-valimised-info-1.png\",\"width\":1920,\"height\":700},{\"@type\":\"BreadcrumbList\",\"@id\":\"https:\\\/\\\/reform.ee\\\/kohaliku-omavalitsuse-volikogu-valimised-2025\\\/valimised\\\/#breadcrumb\",\"itemListElement\":[{\"@type\":\"ListItem\",\"position\":1,\"name\":\"Home\",\"item\":\"https:\\\/\\\/reform.ee\\\/kohaliku-omavalitsuse-volikogu-valimised-2025\\\/\"},{\"@type\":\"ListItem\",\"position\":2,\"name\":\"Kohaliku omavalitsuse volikogu valimised 2025\"}]},{\"@type\":\"WebSite\",\"@id\":\"https:\\\/\\\/reform.ee\\\/kohaliku-omavalitsuse-volikogu-valimised-2025\\\/#website\",\"url\":\"https:\\\/\\\/reform.ee\\\/kohaliku-omavalitsuse-volikogu-valimised-2025\\\/\",\"name\":\"KOV valimised 2025\",\"description\":\"Reformierakond\",\"potentialAction\":[{\"@type\":\"SearchAction\",\"target\":{\"@type\":\"EntryPoint\",\"urlTemplate\":\"https:\\\/\\\/reform.ee\\\/kohaliku-omavalitsuse-volikogu-valimised-2025\\\/?s={search_term_string}\"},\"query-input\":{\"@type\":\"PropertyValueSpecification\",\"valueRequired\":true,\"valueName\":\"search_term_string\"}}],\"inLanguage\":\"en-US\"}]}<\/script>\n<!-- \/ Yoast SEO plugin. -->","yoast_head_json":{"title":"Kohaliku omavalitsuse volikogu valimised 2025 | KOV valimised 2025","description":"Kohaliku omavalitsuse volikogu valimisn\u00e4dal on 13. oktoobrist 19. oktoobrini 2025.","robots":{"index":"index","follow":"follow","max-snippet":"max-snippet:-1","max-image-preview":"max-image-preview:large","max-video-preview":"max-video-preview:-1"},"canonical":"https:\/\/reform.ee\/kohaliku-omavalitsuse-volikogu-valimised-2025\/wp-json\/wp\/v2\/pages\/2521","og_locale":"en_US","og_type":"article","og_title":"Kohaliku omavalitsuse volikogu valimised 2025 | KOV valimised 2025","og_description":"Kohaliku omavalitsuse volikogu valimisn\u00e4dal on 13. oktoobrist 19. oktoobrini 2025.","og_url":"https:\/\/reform.ee\/kohaliku-omavalitsuse-volikogu-valimised-2025\/valimised\/","og_site_name":"KOV valimised 2025","article_publisher":"https:\/\/www.facebook.com\/reformierakond","article_modified_time":"2025-10-19T17:39:08+00:00","og_image":[{"width":1200,"height":630,"url":"https:\/\/reform.ee\/kohaliku-omavalitsuse-volikogu-valimised-2025\/wp-content\/uploads\/2025\/08\/Parema-Eesti-Eest-kov25.png","type":"image\/png"}],"twitter_card":"summary_large_image","twitter_misc":{"Est. reading time":"2 minutes"},"schema":{"@context":"https:\/\/schema.org","@graph":[{"@type":"WebPage","@id":"https:\/\/reform.ee\/kohaliku-omavalitsuse-volikogu-valimised-2025\/valimised\/","url":"https:\/\/reform.ee\/kohaliku-omavalitsuse-volikogu-valimised-2025\/valimised\/","name":"Kohaliku omavalitsuse volikogu valimised 2025 | KOV valimised 2025","isPartOf":{"@id":"https:\/\/reform.ee\/kohaliku-omavalitsuse-volikogu-valimised-2025\/#website"},"primaryImageOfPage":{"@id":"https:\/\/reform.ee\/kohaliku-omavalitsuse-volikogu-valimised-2025\/valimised\/#primaryimage"},"image":{"@id":"https:\/\/reform.ee\/kohaliku-omavalitsuse-volikogu-valimised-2025\/valimised\/#primaryimage"},"thumbnailUrl":"https:\/\/reform.ee\/kohaliku-omavalitsuse-volikogu-valimised-2025\/wp-content\/uploads\/2025\/10\/kov-valimised-info-1-1024x373.png","datePublished":"2025-01-31T11:14:35+00:00","dateModified":"2025-10-19T17:39:08+00:00","description":"Kohaliku omavalitsuse volikogu valimisn\u00e4dal on 13. oktoobrist 19. oktoobrini 2025.","breadcrumb":{"@id":"https:\/\/reform.ee\/kohaliku-omavalitsuse-volikogu-valimised-2025\/valimised\/#breadcrumb"},"inLanguage":"en-US","potentialAction":[{"@type":"ReadAction","target":["https:\/\/reform.ee\/kohaliku-omavalitsuse-volikogu-valimised-2025\/valimised\/"]}]},{"@type":"ImageObject","inLanguage":"en-US","@id":"https:\/\/reform.ee\/kohaliku-omavalitsuse-volikogu-valimised-2025\/valimised\/#primaryimage","url":"https:\/\/reform.ee\/kohaliku-omavalitsuse-volikogu-valimised-2025\/wp-content\/uploads\/2025\/10\/kov-valimised-info-1.png","contentUrl":"https:\/\/reform.ee\/kohaliku-omavalitsuse-volikogu-valimised-2025\/wp-content\/uploads\/2025\/10\/kov-valimised-info-1.png","width":1920,"height":700},{"@type":"BreadcrumbList","@id":"https:\/\/reform.ee\/kohaliku-omavalitsuse-volikogu-valimised-2025\/valimised\/#breadcrumb","itemListElement":[{"@type":"ListItem","position":1,"name":"Home","item":"https:\/\/reform.ee\/kohaliku-omavalitsuse-volikogu-valimised-2025\/"},{"@type":"ListItem","position":2,"name":"Kohaliku omavalitsuse volikogu valimised 2025"}]},{"@type":"WebSite","@id":"https:\/\/reform.ee\/kohaliku-omavalitsuse-volikogu-valimised-2025\/#website","url":"https:\/\/reform.ee\/kohaliku-omavalitsuse-volikogu-valimised-2025\/","name":"KOV valimised 2025","description":"Reformierakond","potentialAction":[{"@type":"SearchAction","target":{"@type":"EntryPoint","urlTemplate":"https:\/\/reform.ee\/kohaliku-omavalitsuse-volikogu-valimised-2025\/?s={search_term_string}"},"query-input":{"@type":"PropertyValueSpecification","valueRequired":true,"valueName":"search_term_string"}}],"inLanguage":"en-US"}]}},"_links":{"self":[{"href":"https:\/\/reform.ee\/kohaliku-omavalitsuse-volikogu-valimised-2025\/wp-json\/wp\/v2\/pages\/2521","targetHints":{"allow":["GET"]}}],"collection":[{"href":"https:\/\/reform.ee\/kohaliku-omavalitsuse-volikogu-valimised-2025\/wp-json\/wp\/v2\/pages"}],"about":[{"href":"https:\/\/reform.ee\/kohaliku-omavalitsuse-volikogu-valimised-2025\/wp-json\/wp\/v2\/types\/page"}],"author":[{"embeddable":true,"href":"https:\/\/reform.ee\/kohaliku-omavalitsuse-volikogu-valimised-2025\/wp-json\/wp\/v2\/users\/5"}],"replies":[{"embeddable":true,"href":"https:\/\/reform.ee\/kohaliku-omavalitsuse-volikogu-valimised-2025\/wp-json\/wp\/v2\/comments?post=2521"}],"version-history":[{"count":42,"href":"https:\/\/reform.ee\/kohaliku-omavalitsuse-volikogu-valimised-2025\/wp-json\/wp\/v2\/pages\/2521\/revisions"}],"predecessor-version":[{"id":36873,"href":"https:\/\/reform.ee\/kohaliku-omavalitsuse-volikogu-valimised-2025\/wp-json\/wp\/v2\/pages\/2521\/revisions\/36873"}],"wp:attachment":[{"href":"https:\/\/reform.ee\/kohaliku-omavalitsuse-volikogu-valimised-2025\/wp-json\/wp\/v2\/media?parent=2521"}],"curies":[{"name":"wp","href":"https:\/\/api.w.org\/{rel}","templated":true}]}}